{"id":5874,"date":"2024-03-27T14:29:47","date_gmt":"2024-03-27T20:29:47","guid":{"rendered":"https:\/\/4manpro.com\/SPA\/?page_id=5874"},"modified":"2025-10-22T20:01:30","modified_gmt":"2025-10-23T02:01:30","slug":"serie-ish-dg-2","status":"publish","type":"page","link":"https:\/\/4manpro.com\/SPA\/lubricacion-centralizada\/sistemas-de-resistencia-ishan\/serie-ish-dg-2\/","title":{"rendered":"Serie ISH DG"},"content":{"rendered":"\n<div class=\"wp-block-buttons alignwide eplus-wrapper is-content-justification-space-between is-layout-flex wp-container-core-buttons-is-layout-0e410d50 wp-block-buttons-is-layout-flex\"><div class=\" wp-block-button has-custom-width wp-block-button__width-25 eplus-wrapper eplus-styles-uid-2f246c\"><a class=\"wp-block-button__link has-foreground-color has-text-color has-background has-link-color wp-element-button\" href=\"https:\/\/4manpro.com\/SPA\/\" style=\"background-color:#999999\">PRINCIPAL<\/a><\/div>\n\n<div class=\" wp-block-button has-custom-width wp-block-button__width-25 eplus-wrapper eplus-styles-uid-8d8a3b\"><a class=\"wp-block-button__link has-background-color has-background-background-color has-text-color has-background has-link-color wp-element-button\" href=\"https:\/\/4manpro.com\/SPA\/lubricacion-centralizada\/sistemas-de-resistencia-ishan\/\"><mark style=\"background-color:rgba(0, 0, 0, 0)\" class=\"has-inline-color has-foreground-color\">ATR\u00c1S<\/mark><\/a><\/div>\n\n<div class=\" wp-block-button has-custom-width wp-block-button__width-25 eplus-wrapper eplus-styles-uid-7e7741\"><a class=\"wp-block-button__link has-background-color has-text-color has-background has-link-color wp-element-button\" href=\"https:\/\/www.4manpro.com\/princ-2\/centralized-lubricating-systems\/volumetric-lubrication-systems-ishan\/ish-dg-series\/\" style=\"background-color:#ff7805\">ENGLISH<\/a><\/div><\/div>\n\n\n\n<figure class=\" wp-block-image alignwide size-large eplus-wrapper\"><img loading=\"lazy\" decoding=\"async\" width=\"1024\" height=\"181\" src=\"https:\/\/4manpro.com\/SPA\/wp-content\/uploads\/2024\/09\/Serie-ISH-DG-1024x181.jpg\" alt=\"\" class=\"wp-image-18180\" srcset=\"https:\/\/4manpro.com\/SPA\/wp-content\/uploads\/2024\/09\/Serie-ISH-DG-1024x181.jpg 1024w, https:\/\/4manpro.com\/SPA\/wp-content\/uploads\/2024\/09\/Serie-ISH-DG-300x53.jpg 300w, https:\/\/4manpro.com\/SPA\/wp-content\/uploads\/2024\/09\/Serie-ISH-DG-768x136.jpg 768w, https:\/\/4manpro.com\/SPA\/wp-content\/uploads\/2024\/09\/Serie-ISH-DG-1536x272.jpg 1536w, https:\/\/4manpro.com\/SPA\/wp-content\/uploads\/2024\/09\/Serie-ISH-DG-2048x362.jpg 2048w\" sizes=\"auto, (max-width: 1024px) 100vw, 1024px\" \/><\/figure>\n\n\n\n<hr class=\" wp-block-separator has-alpha-channel-opacity eplus-wrapper\"\/>\n\n\n\n<div class=\"wp-block-group alignwide eplus-wrapper is-layout-constrained wp-block-group-is-layout-constrained\"><figure class=\" wp-block-image alignleft size-full is-resized eplus-wrapper eplus-styles-uid-c73b55\"><img loading=\"lazy\" decoding=\"async\" width=\"2560\" height=\"2560\" src=\"https:\/\/4manpro.com\/SPA\/wp-content\/uploads\/2024\/09\/Logo-4-Blue-CHANDOX-II-NEGRO-scaled.jpg\" alt=\"\" class=\"wp-image-16837\" style=\"width:200px\" srcset=\"https:\/\/4manpro.com\/SPA\/wp-content\/uploads\/2024\/09\/Logo-4-Blue-CHANDOX-II-NEGRO-scaled.jpg 2560w, https:\/\/4manpro.com\/SPA\/wp-content\/uploads\/2024\/09\/Logo-4-Blue-CHANDOX-II-NEGRO-300x300.jpg 300w, https:\/\/4manpro.com\/SPA\/wp-content\/uploads\/2024\/09\/Logo-4-Blue-CHANDOX-II-NEGRO-1024x1024.jpg 1024w, https:\/\/4manpro.com\/SPA\/wp-content\/uploads\/2024\/09\/Logo-4-Blue-CHANDOX-II-NEGRO-150x150.jpg 150w, https:\/\/4manpro.com\/SPA\/wp-content\/uploads\/2024\/09\/Logo-4-Blue-CHANDOX-II-NEGRO-768x768.jpg 768w, https:\/\/4manpro.com\/SPA\/wp-content\/uploads\/2024\/09\/Logo-4-Blue-CHANDOX-II-NEGRO-1536x1536.jpg 1536w, https:\/\/4manpro.com\/SPA\/wp-content\/uploads\/2024\/09\/Logo-4-Blue-CHANDOX-II-NEGRO-2048x2048.jpg 2048w\" sizes=\"auto, (max-width: 2560px) 100vw, 2560px\" \/><\/figure><\/div>\n\n\n<p class=\"eplus-wrapper eplus-styles-uid-cb9986 wp-block-paragraph\">Los distribuidores de grasa de pist\u00f3n de la prestigiosa marca de <em>Sistemas De Lubricaci\u00f3n <\/em><strong><em><mark style=\"background-color:rgba(0, 0, 0, 0);color:#0a4777\" class=\"has-inline-color\">IShan<\/mark><\/em><sup><mark style=\"background-color:rgba(0, 0, 0, 0);color:#0a4777\" class=\"has-inline-color\">\u00ae<\/mark> <\/sup><\/strong>son una innovaci\u00f3n revolucionaria en la industria de la lubricaci\u00f3n industrial. Dise\u00f1ados meticulosamente para ofrecer un rendimiento excepcional y una fiabilidad inigualable, estos dispositivos se erigen como la elecci\u00f3n predilecta para aplicaciones que demandan precisi\u00f3n y eficiencia en la distribuci\u00f3n de lubricantes.<\/p>\n\n<p class=\"eplus-wrapper eplus-styles-uid-cb9986 wp-block-paragraph\">Con una ingenier\u00eda de vanguardia y materiales de la m\u00e1s alta calidad, los distribuidores de <strong><em>Grasa De Pist\u00f3n<\/em><\/strong> de <strong><em><mark style=\"background-color:rgba(0, 0, 0, 0);color:#0a4777\" class=\"has-inline-color\">IShan<\/mark><\/em><sup><mark style=\"background-color:rgba(0, 0, 0, 0);color:#0a4777\" class=\"has-inline-color\">\u00ae<\/mark><\/sup><\/strong> garantizan una lubricaci\u00f3n \u00f3ptima en entornos industriales exigentes.<\/p>\n\n\n<div class=\"wp-block-group alignwide eplus-wrapper is-layout-constrained wp-block-group-is-layout-constrained\"><figure class=\" wp-block-image alignright size-large is-resized eplus-wrapper eplus-styles-uid-96b58f\"><img loading=\"lazy\" decoding=\"async\" width=\"1024\" height=\"1024\" src=\"https:\/\/4manpro.com\/SPA\/wp-content\/uploads\/2024\/09\/Logo-4-Blue-CHANDOX-Cuadro-1024x1024.jpg\" alt=\"\" class=\"wp-image-16835\" style=\"width:200px\" srcset=\"https:\/\/4manpro.com\/SPA\/wp-content\/uploads\/2024\/09\/Logo-4-Blue-CHANDOX-Cuadro-1024x1024.jpg 1024w, https:\/\/4manpro.com\/SPA\/wp-content\/uploads\/2024\/09\/Logo-4-Blue-CHANDOX-Cuadro-300x300.jpg 300w, https:\/\/4manpro.com\/SPA\/wp-content\/uploads\/2024\/09\/Logo-4-Blue-CHANDOX-Cuadro-150x150.jpg 150w, https:\/\/4manpro.com\/SPA\/wp-content\/uploads\/2024\/09\/Logo-4-Blue-CHANDOX-Cuadro-768x768.jpg 768w, https:\/\/4manpro.com\/SPA\/wp-content\/uploads\/2024\/09\/Logo-4-Blue-CHANDOX-Cuadro-1536x1536.jpg 1536w, https:\/\/4manpro.com\/SPA\/wp-content\/uploads\/2024\/09\/Logo-4-Blue-CHANDOX-Cuadro-2048x2048.jpg 2048w\" sizes=\"auto, (max-width: 1024px) 100vw, 1024px\" \/><\/figure><\/div>\n\n\n<p class=\"eplus-wrapper eplus-styles-uid-cb9986 wp-block-paragraph\">Su dise\u00f1o compacto y ergon\u00f3mico facilita su instalaci\u00f3n en una variedad de maquinarias y sistemas, permitiendo una lubricaci\u00f3n uniforme y eficaz en puntos cr\u00edticos de mantenimiento.<\/p>\n\n<p class=\"eplus-wrapper eplus-styles-uid-cb9986 wp-block-paragraph\">Respaldados por a\u00f1os de experiencia en innovaci\u00f3n tecnol\u00f3gica, los distribuidores de grasa de pist\u00f3n de la marca Ishan representan una soluci\u00f3n integral para las necesidades de lubricaci\u00f3n en entornos industriales de alto rendimiento. Conf\u00ede en la excelencia y la confiabilidad que solo Ishan puede ofrecer en el \u00e1mbito de la lubricaci\u00f3n industrial.<\/p>\n\n<p class=\"eplus-wrapper eplus-styles-uid-cb9986 wp-block-paragraph\">Los elementos que componen la <strong>SERIE <mark style=\"background-color:rgba(0, 0, 0, 0);color:#ff7805\" class=\"has-inline-color\">ISH DG<\/mark><\/strong> se enumeran a continuaci\u00f3n:<\/p>\n\n\n<hr class=\"is-style-dots wp-block-separator has-alpha-channel-opacity eplus-wrapper\"\/>\n\n\n<p class=\"has-background eplus-wrapper eplus-styles-uid-bc8f6d wp-block-paragraph\" style=\"background-color:#696969\"><strong>SERIE <\/strong>ISH DG<\/p>\n\n\n<div style=\"height:10px\" aria-hidden=\"true\" class=\" wp-block-spacer eplus-wrapper\"><\/div>\n\n\n<div class=\" wp-block-media-text is-stacked-on-mobile is-vertically-aligned-center eplus-wrapper eplus-styles-uid-ce78cb\" style=\"grid-template-columns:38% auto\"><figure class=\"wp-block-media-text__media\"><img loading=\"lazy\" decoding=\"async\" width=\"827\" height=\"827\" src=\"https:\/\/4manpro.com\/SPA\/wp-content\/uploads\/2024\/03\/Serie-ISH-DG-2.jpg\" alt=\"\" class=\"wp-image-5876 size-full\" srcset=\"https:\/\/4manpro.com\/SPA\/wp-content\/uploads\/2024\/03\/Serie-ISH-DG-2.jpg 827w, https:\/\/4manpro.com\/SPA\/wp-content\/uploads\/2024\/03\/Serie-ISH-DG-2-300x300.jpg 300w, https:\/\/4manpro.com\/SPA\/wp-content\/uploads\/2024\/03\/Serie-ISH-DG-2-150x150.jpg 150w, https:\/\/4manpro.com\/SPA\/wp-content\/uploads\/2024\/03\/Serie-ISH-DG-2-768x768.jpg 768w\" sizes=\"auto, (max-width: 827px) 100vw, 827px\" \/><\/figure><div class=\"wp-block-media-text__content\"><div class=\"wp-block-columns eplus-wrapper is-layout-flex wp-container-core-columns-is-layout-f56f613f wp-block-columns-is-layout-flex eplus-styles-uid-ca0292\">\n<div class=\"wp-block-column eplus-wrapper is-layout-flow wp-block-column-is-layout-flow\" style=\"flex-basis:15%\"><\/div>\n\n\n\n<div class=\"wp-block-column is-vertically-aligned-center eplus-wrapper is-layout-flow wp-block-column-is-layout-flow\" style=\"flex-basis:100%\"><ul class=\" wp-block-list eplus-wrapper eplus-styles-uid-9c7422\">\n<li class=\" eplus-wrapper\"><em><a href=\"https:\/\/4manpro.com\/SPA\/lubricacion-centralizada\/serie-ish-dg-2\/ish-dg-0200\/\" data-type=\"page\" data-id=\"5888\">ISH <strong><mark style=\"background-color:rgba(0, 0, 0, 0);color:#ff7805\" class=\"has-inline-color\">DG-0200<\/mark><\/strong><\/a><\/em><\/li>\n\n\n\n<li class=\" eplus-wrapper\"><em><a href=\"https:\/\/4manpro.com\/SPA\/lubricacion-centralizada\/serie-ish-dg-2\/ish-dg-0300\/\" data-type=\"page\" data-id=\"5893\">ISH <strong><mark style=\"background-color:rgba(0, 0, 0, 0);color:#ff7805\" class=\"has-inline-color\">DG-0300<\/mark><\/strong><\/a><\/em><\/li>\n\n\n\n<li class=\" eplus-wrapper\"><em><a href=\"https:\/\/4manpro.com\/SPA\/lubricacion-centralizada\/serie-ish-dg-2\/ish-dg-0400\/\" data-type=\"page\" data-id=\"5910\">ISH <strong><mark style=\"background-color:rgba(0, 0, 0, 0);color:#ff7805\" class=\"has-inline-color\">DG-0400<\/mark><\/strong><\/a><\/em><\/li>\n\n\n\n<li class=\" eplus-wrapper\"><em><a href=\"https:\/\/4manpro.com\/SPA\/lubricacion-centralizada\/serie-ish-dg-2\/ish-dg-0500\/\" data-type=\"page\" data-id=\"5915\">ISH <strong><mark style=\"background-color:rgba(0, 0, 0, 0);color:#ff7805\" class=\"has-inline-color\">DG-0500<\/mark><\/strong><\/a><\/em><\/li>\n\n\n\n<li class=\" eplus-wrapper\"><em><a href=\"https:\/\/4manpro.com\/SPA\/lubricacion-centralizada\/serie-ish-dg-2\/ish-dg-0600\/\" data-type=\"page\" data-id=\"5919\">ISH <strong><mark style=\"background-color:rgba(0, 0, 0, 0);color:#ff7805\" class=\"has-inline-color\">DG-0600<\/mark><\/strong><\/a><\/em><\/li>\n<\/ul><\/div>\n<\/div><\/div><\/div>","protected":false},"excerpt":{"rendered":"<p>Los distribuidores de grasa de pist\u00f3n de la prestigiosa marca de Sistemas De Lubricaci\u00f3n IShan\u00ae son una innovaci\u00f3n revolucionaria en la industria de la lubricaci\u00f3n industrial. Dise\u00f1ados meticulosamente para ofrecer un rendimiento excepcional y una fiabilidad inigualable, estos dispositivos se erigen como la elecci\u00f3n predilecta para aplicaciones que demandan precisi\u00f3n y eficiencia en la distribuci\u00f3n [&hellip;]<\/p>\n","protected":false},"author":1,"featured_media":0,"parent":6130,"menu_order":0,"comment_status":"closed","ping_status":"closed","template":"principal-cuadros-individuales-2","meta":{"_crdt_document":"","editor_plus_copied_stylings":"{}","footnotes":""},"class_list":["post-5874","page","type-page","status-publish","hentry"],"_links":{"self":[{"href":"https:\/\/4manpro.com\/SPA\/wp-json\/wp\/v2\/pages\/5874","targetHints":{"allow":["GET"]}}],"collection":[{"href":"https:\/\/4manpro.com\/SPA\/wp-json\/wp\/v2\/pages"}],"about":[{"href":"https:\/\/4manpro.com\/SPA\/wp-json\/wp\/v2\/types\/page"}],"author":[{"embeddable":true,"href":"https:\/\/4manpro.com\/SPA\/wp-json\/wp\/v2\/users\/1"}],"replies":[{"embeddable":true,"href":"https:\/\/4manpro.com\/SPA\/wp-json\/wp\/v2\/comments?post=5874"}],"version-history":[{"count":35,"href":"https:\/\/4manpro.com\/SPA\/wp-json\/wp\/v2\/pages\/5874\/revisions"}],"predecessor-version":[{"id":29314,"href":"https:\/\/4manpro.com\/SPA\/wp-json\/wp\/v2\/pages\/5874\/revisions\/29314"}],"up":[{"embeddable":true,"href":"https:\/\/4manpro.com\/SPA\/wp-json\/wp\/v2\/pages\/6130"}],"wp:attachment":[{"href":"https:\/\/4manpro.com\/SPA\/wp-json\/wp\/v2\/media?parent=5874"}],"curies":[{"name":"wp","href":"https:\/\/api.w.org\/{rel}","templated":true}]}}