{"id":3059,"date":"2024-02-20T19:16:32","date_gmt":"2024-02-21T01:16:32","guid":{"rendered":"https:\/\/4manpro.com\/SPA\/?page_id=3059"},"modified":"2025-08-12T21:58:59","modified_gmt":"2025-08-13T03:58:59","slug":"correderas-manuales","status":"publish","type":"page","link":"https:\/\/4manpro.com\/SPA\/correderas\/correderas-manuales\/","title":{"rendered":"Serie ST-A \/ STD"},"content":{"rendered":"\n<div class=\"wp-block-buttons alignwide eplus-wrapper is-content-justification-space-between is-layout-flex wp-container-core-buttons-is-layout-0e410d50 wp-block-buttons-is-layout-flex\"><div class=\" wp-block-button has-custom-width wp-block-button__width-25 eplus-wrapper eplus-styles-uid-a0767d\"><a class=\"wp-block-button__link has-foreground-color has-text-color has-background has-link-color wp-element-button\" href=\"https:\/\/4manpro.com\/SPA\/home\/correderas\/\" style=\"background-color:#999999\">PRINCIPAL<\/a><\/div>\n\n<div class=\" wp-block-button has-custom-width wp-block-button__width-25 eplus-wrapper eplus-styles-uid-df1b50\"><a class=\"wp-block-button__link has-foreground-color has-background-background-color has-text-color has-background has-link-color wp-element-button\" href=\"https:\/\/4manpro.com\/SPA\/home\/correderas\/\">ATR\u00c1S<\/a><\/div>\n\n<div class=\" wp-block-button has-custom-width wp-block-button__width-25 eplus-wrapper eplus-styles-uid-030bd7\"><a class=\"wp-block-button__link has-background-color has-text-color has-background has-link-color wp-element-button\" href=\"https:\/\/www.4manpro.com\/princ-2\/slide-systems\/st-a-std-series\/\" style=\"background-color:#ff7805\">ENGLISH<\/a><\/div><\/div>\n\n\n\n<figure class=\" wp-block-image alignwide size-full eplus-wrapper\"><img loading=\"lazy\" decoding=\"async\" width=\"2560\" height=\"453\" src=\"https:\/\/4manpro.com\/SPA\/wp-content\/uploads\/2024\/08\/Serie-ST-A-STD-scaled.jpg\" alt=\"\" class=\"wp-image-15073\" srcset=\"https:\/\/4manpro.com\/SPA\/wp-content\/uploads\/2024\/08\/Serie-ST-A-STD-scaled.jpg 2560w, https:\/\/4manpro.com\/SPA\/wp-content\/uploads\/2024\/08\/Serie-ST-A-STD-300x53.jpg 300w, https:\/\/4manpro.com\/SPA\/wp-content\/uploads\/2024\/08\/Serie-ST-A-STD-1024x181.jpg 1024w, https:\/\/4manpro.com\/SPA\/wp-content\/uploads\/2024\/08\/Serie-ST-A-STD-768x136.jpg 768w, https:\/\/4manpro.com\/SPA\/wp-content\/uploads\/2024\/08\/Serie-ST-A-STD-1536x272.jpg 1536w, https:\/\/4manpro.com\/SPA\/wp-content\/uploads\/2024\/08\/Serie-ST-A-STD-2048x362.jpg 2048w\" sizes=\"auto, (max-width: 2560px) 100vw, 2560px\" \/><\/figure>\n\n\n\n<hr class=\" wp-block-separator has-alpha-channel-opacity eplus-wrapper\"\/>\n\n\n\n<div class=\"wp-block-group alignwide eplus-wrapper is-layout-constrained wp-block-group-is-layout-constrained\"><figure class=\" wp-block-image alignleft size-full is-resized eplus-wrapper eplus-styles-uid-c73b55\"><img loading=\"lazy\" decoding=\"async\" width=\"512\" height=\"512\" src=\"https:\/\/4manpro.com\/SPA\/wp-content\/uploads\/2023\/12\/cropped-Logo-Cuadro-BLACK-5x5-1.jpg\" alt=\"\" class=\"wp-image-613\" style=\"width:200px\" srcset=\"https:\/\/4manpro.com\/SPA\/wp-content\/uploads\/2023\/12\/cropped-Logo-Cuadro-BLACK-5x5-1.jpg 512w, https:\/\/4manpro.com\/SPA\/wp-content\/uploads\/2023\/12\/cropped-Logo-Cuadro-BLACK-5x5-1-300x300.jpg 300w, https:\/\/4manpro.com\/SPA\/wp-content\/uploads\/2023\/12\/cropped-Logo-Cuadro-BLACK-5x5-1-150x150.jpg 150w, https:\/\/4manpro.com\/SPA\/wp-content\/uploads\/2023\/12\/cropped-Logo-Cuadro-BLACK-5x5-1-270x270.jpg 270w, https:\/\/4manpro.com\/SPA\/wp-content\/uploads\/2023\/12\/cropped-Logo-Cuadro-BLACK-5x5-1-192x192.jpg 192w, https:\/\/4manpro.com\/SPA\/wp-content\/uploads\/2023\/12\/cropped-Logo-Cuadro-BLACK-5x5-1-180x180.jpg 180w, https:\/\/4manpro.com\/SPA\/wp-content\/uploads\/2023\/12\/cropped-Logo-Cuadro-BLACK-5x5-1-32x32.jpg 32w\" sizes=\"auto, (max-width: 512px) 100vw, 512px\" \/><\/figure><\/div>\n\n\n<p class=\"eplus-wrapper eplus-styles-uid-a684f1 wp-block-paragraph\">Las <strong><em><mark style=\"background-color:rgba(0, 0, 0, 0);color:#ff6900\" class=\"has-inline-color\">Correderas Deslizantes Manuales<\/mark><\/em><\/strong> de la <strong>Serie<\/strong> <strong>STD <\/strong>con <em>perfil de bancada de acero de estilo cola de milano<\/em>, as\u00ed como las <strong><em><mark style=\"background-color:rgba(0, 0, 0, 0);color:#ff6900\" class=\"has-inline-color\">Correderas Deslizantes Manuales<\/mark><\/em><\/strong> de la <strong>Serie ST<\/strong> con <em>perfil de bancada de acero con gu\u00edas lineales<\/em>; est\u00e1n dise\u00f1adas con <strong><em>tornillo de avance<\/em><\/strong> y <em><strong>transmisi\u00f3n de volante<\/strong><\/em> para establecer posiciones precisas en el trabajo continuo de cada uno de estos elementos.<\/p>\n\n<p class=\"eplus-wrapper eplus-styles-uid-a684f1 wp-block-paragraph\">Las gu\u00edas de deslizamiento de la correderas de esta serie\u00a0est\u00e1n <strong><em>templadas<\/em><\/strong> y <strong><em>rectificadas <\/em><\/strong>para brindar un \u00f3ptimo desempe\u00f1o.<\/p>\n\n<p class=\"eplus-wrapper eplus-styles-uid-a684f1 wp-block-paragraph\">Los elementos que integran este apartado de elementos est\u00e1 compuesto por los siguientes dispositivos:<\/p>\n\n<p class=\"has-background eplus-wrapper eplus-styles-uid-420493 wp-block-paragraph\" style=\"background-color:#696969\">ELEMENTOS<\/p>\n\n<p class=\"has-vivid-cyan-blue-background-color has-background eplus-wrapper eplus-styles-uid-197e17 wp-block-paragraph\">SERIE ST-A<\/p>\n\n\n<div style=\"height:6px\" aria-hidden=\"true\" class=\" wp-block-spacer eplus-wrapper\"><\/div>\n\n\n<div class=\"wp-block-columns alignwide eplus-wrapper is-layout-flex wp-container-core-columns-is-layout-f56f613f wp-block-columns-is-layout-flex eplus-styles-uid-fcd3de\">\n<div class=\"wp-block-column eplus-wrapper is-layout-flow wp-block-column-is-layout-flow\" style=\"flex-basis:50%\"><ul class=\" wp-block-list eplus-wrapper eplus-styles-uid-f94995\"><li class=\" eplus-wrapper eplus-styles-uid-ed0e73\"><a href=\"https:\/\/4manpro.com\/SPA\/correderas\/correderas-manuales\/st-75\/\" data-type=\"page\" data-id=\"3491\"><mark style=\"background-color:rgba(0, 0, 0, 0);color:#0693e3\" class=\"has-inline-color\">ST-75A<\/mark><\/a><ul class=\" wp-block-list eplus-wrapper eplus-styles-uid-f283dd\"><li class=\" eplus-wrapper eplus-styles-uid-b14b53\"><mark style=\"background-color:rgba(0, 0, 0, 0)\" class=\"has-inline-color has-foreground-color\">Carrera: <\/mark><mark style=\"background-color:rgba(0, 0, 0, 0);color:#ff7805\" class=\"has-inline-color\">75.00 mm<\/mark><\/li>\n\n<li class=\" eplus-wrapper eplus-styles-uid-b14b53\"><mark style=\"background-color:rgba(0, 0, 0, 0)\" class=\"has-inline-color has-foreground-color\">Dimensiones Mesa:<\/mark><mark style=\"background-color:rgba(0, 0, 0, 0);color:#ff7805\" class=\"has-inline-color\"> 75.00 mm x 180.00 mm<\/mark><\/li>\n\n<li class=\" eplus-wrapper eplus-styles-uid-b14b53\"><mark style=\"background-color:rgba(0, 0, 0, 0)\" class=\"has-inline-color has-foreground-color\">Peso: <\/mark><mark style=\"background-color:rgba(0, 0, 0, 0);color:#ff7805\" class=\"has-inline-color\">6.50 Kg<\/mark><\/li><\/ul><\/li><\/ul>\n\n<ul class=\" wp-block-list eplus-wrapper eplus-styles-uid-c3fd9e\"><li class=\" eplus-wrapper eplus-styles-uid-ed0e73\"><a href=\"https:\/\/4manpro.com\/SPA\/correderas\/correderas-manuales\/st-100\/\" data-type=\"page\" data-id=\"3501\"><mark style=\"background-color:rgba(0, 0, 0, 0);color:#0693e3\" class=\"has-inline-color\">ST-100A<\/mark><\/a><ul class=\" wp-block-list eplus-wrapper eplus-styles-uid-0ceb5c\"><li class=\" eplus-wrapper eplus-styles-uid-b14b53\"><mark style=\"background-color:rgba(0, 0, 0, 0)\" class=\"has-inline-color has-foreground-color\">Carrera: <\/mark><mark style=\"background-color:rgba(0, 0, 0, 0);color:#ff7805\" class=\"has-inline-color\">100.00 mm<\/mark><\/li>\n\n<li class=\" eplus-wrapper eplus-styles-uid-b14b53\"><mark style=\"background-color:rgba(0, 0, 0, 0)\" class=\"has-inline-color has-foreground-color\">Dimensiones Mesa: <\/mark><mark style=\"background-color:rgba(0, 0, 0, 0);color:#ff7805\" class=\"has-inline-color\">100.00 mm x 235.00 mm<\/mark><\/li>\n\n<li class=\" eplus-wrapper eplus-styles-uid-b14b53\"><mark style=\"background-color:rgba(0, 0, 0, 0)\" class=\"has-inline-color has-foreground-color\">Peso: <\/mark><mark style=\"background-color:rgba(0, 0, 0, 0);color:#ff7805\" class=\"has-inline-color\">9.50 Kg<\/mark><\/li><\/ul><\/li><\/ul>\n\n<ul class=\" wp-block-list eplus-wrapper eplus-styles-uid-5eab3d\"><li class=\" eplus-wrapper eplus-styles-uid-ed0e73\"><a href=\"https:\/\/4manpro.com\/SPA\/correderas\/correderas-manuales\/st-1530\/\" data-type=\"page\" data-id=\"3506\"><mark style=\"background-color:rgba(0, 0, 0, 0);color:#0693e3\" class=\"has-inline-color\">ST-1530A<\/mark><\/a><ul class=\" wp-block-list eplus-wrapper eplus-styles-uid-45a332\"><li class=\" eplus-wrapper eplus-styles-uid-b14b53\"><mark style=\"background-color:rgba(0, 0, 0, 0)\" class=\"has-inline-color has-foreground-color\">Carrera: <\/mark><mark style=\"background-color:rgba(0, 0, 0, 0);color:#ff7805\" class=\"has-inline-color\">100.00 mm<\/mark><\/li>\n\n<li class=\" eplus-wrapper eplus-styles-uid-b14b53\"><mark style=\"background-color:rgba(0, 0, 0, 0)\" class=\"has-inline-color has-foreground-color\">Dimensiones Mesa: <\/mark><mark style=\"background-color:rgba(0, 0, 0, 0);color:#ff7805\" class=\"has-inline-color\">155.00 mm x 200.00 mm<\/mark><\/li>\n\n<li class=\" eplus-wrapper eplus-styles-uid-b14b53\"><mark style=\"background-color:rgba(0, 0, 0, 0)\" class=\"has-inline-color has-foreground-color\">Peso: <\/mark><mark style=\"background-color:rgba(0, 0, 0, 0);color:#ff7805\" class=\"has-inline-color\">16.00 Kg<\/mark><\/li><\/ul><\/li><\/ul>\n\n<ul class=\" wp-block-list eplus-wrapper eplus-styles-uid-40c4b0\"><li class=\" eplus-wrapper eplus-styles-uid-ed0e73\"><a href=\"https:\/\/4manpro.com\/SPA\/correderas\/correderas-manuales\/st-2040\/\" data-type=\"page\" data-id=\"3511\"><mark style=\"background-color:rgba(0, 0, 0, 0);color:#0693e3\" class=\"has-inline-color\">ST-2040A<\/mark><\/a><ul class=\" wp-block-list eplus-wrapper eplus-styles-uid-35d35f\"><li class=\" eplus-wrapper eplus-styles-uid-b14b53\"><mark style=\"background-color:rgba(0, 0, 0, 0)\" class=\"has-inline-color has-foreground-color\">Carrera: <\/mark><mark style=\"background-color:rgba(0, 0, 0, 0);color:#ff7805\" class=\"has-inline-color\">100.00 mm<\/mark><\/li>\n\n<li class=\" eplus-wrapper eplus-styles-uid-b14b53\"><mark style=\"background-color:rgba(0, 0, 0, 0)\" class=\"has-inline-color has-foreground-color\">Dimensiones Mesa: <\/mark><mark style=\"background-color:rgba(0, 0, 0, 0);color:#ff7805\" class=\"has-inline-color\">200.00  mm x 300.00 mm<\/mark><\/li>\n\n<li class=\" eplus-wrapper eplus-styles-uid-b14b53\"><mark style=\"background-color:rgba(0, 0, 0, 0)\" class=\"has-inline-color has-foreground-color\">Peso: <\/mark><mark style=\"background-color:rgba(0, 0, 0, 0);color:#ff7805\" class=\"has-inline-color\">47.00 Kg<\/mark><\/li><\/ul><\/li><\/ul>\n\n<ul class=\" wp-block-list eplus-wrapper eplus-styles-uid-91df1b\"><li class=\" eplus-wrapper eplus-styles-uid-e4ede2\"><a href=\"https:\/\/4manpro.com\/SPA\/correderas\/correderas-manuales\/st-2060\/\" data-type=\"page\" data-id=\"3516\"><mark style=\"background-color:rgba(0, 0, 0, 0);color:#0693e3\" class=\"has-inline-color\">ST-2060A<\/mark><\/a><ul class=\" wp-block-list eplus-wrapper eplus-styles-uid-afdd66\"><li class=\" eplus-wrapper eplus-styles-uid-4cdc7f\"><mark style=\"background-color:rgba(0, 0, 0, 0)\" class=\"has-inline-color has-foreground-color\">Carrera: <\/mark><mark style=\"background-color:rgba(0, 0, 0, 0);color:#ff7805\" class=\"has-inline-color\">300.00 mm<\/mark><\/li>\n\n<li class=\" eplus-wrapper eplus-styles-uid-4cdc7f\"><mark style=\"background-color:rgba(0, 0, 0, 0)\" class=\"has-inline-color has-foreground-color\">Dimensiones Mesa: <\/mark><mark style=\"background-color:rgba(0, 0, 0, 0);color:#ff7805\" class=\"has-inline-color\">200.00 mm x 300.00 mm<\/mark><\/li>\n\n<li class=\" eplus-wrapper eplus-styles-uid-4cdc7f\"><mark style=\"background-color:rgba(0, 0, 0, 0)\" class=\"has-inline-color has-foreground-color\">Peso: <\/mark><mark style=\"background-color:rgba(0, 0, 0, 0);color:#ff7805\" class=\"has-inline-color\">47.00 Kg<\/mark><\/li><\/ul><\/li><\/ul><\/div>\n\n\n\n<div class=\"wp-block-column eplus-wrapper is-layout-flow wp-block-column-is-layout-flow\" style=\"flex-basis:50%\"><ul class=\" wp-block-list eplus-wrapper eplus-styles-uid-ec5007\"><li class=\" eplus-wrapper eplus-styles-uid-ed0e73\"><a href=\"https:\/\/4manpro.com\/SPA\/correderas\/correderas-manuales\/st-3050\/\" data-type=\"page\" data-id=\"3521\"><mark style=\"background-color:rgba(0, 0, 0, 0);color:#0693e3\" class=\"has-inline-color\">ST-3050A<\/mark><\/a><ul class=\" wp-block-list eplus-wrapper eplus-styles-uid-f5611b\"><li class=\" eplus-wrapper eplus-styles-uid-b14b53\"><mark style=\"background-color:rgba(0, 0, 0, 0)\" class=\"has-inline-color has-foreground-color\">Carrera: <\/mark><mark style=\"background-color:rgba(0, 0, 0, 0);color:#ff7805\" class=\"has-inline-color\">150.00 mm<\/mark><\/li>\n\n<li class=\" eplus-wrapper eplus-styles-uid-b14b53\"><mark style=\"background-color:rgba(0, 0, 0, 0)\" class=\"has-inline-color has-foreground-color\">Dimensiones Mesa: <\/mark><mark style=\"background-color:rgba(0, 0, 0, 0);color:#ff7805\" class=\"has-inline-color\">300.00 mm x 350.00 mm<\/mark><\/li>\n\n<li class=\" eplus-wrapper eplus-styles-uid-b14b53\"><mark style=\"background-color:rgba(0, 0, 0, 0)\" class=\"has-inline-color has-foreground-color\">Peso: <\/mark><mark style=\"background-color:rgba(0, 0, 0, 0);color:#ff7805\" class=\"has-inline-color\">93.00 Kg<\/mark><\/li><\/ul><\/li><\/ul>\n\n<ul class=\" wp-block-list eplus-wrapper eplus-styles-uid-da9226\"><li class=\" eplus-wrapper eplus-styles-uid-ed0e73\"><a href=\"https:\/\/4manpro.com\/SPA\/correderas\/correderas-manuales\/st-3070\/\" data-type=\"page\" data-id=\"3526\"><mark style=\"background-color:rgba(0, 0, 0, 0);color:#0693e3\" class=\"has-inline-color\">ST-3070A<\/mark><\/a><ul class=\" wp-block-list eplus-wrapper eplus-styles-uid-198918\"><li class=\" eplus-wrapper eplus-styles-uid-b14b53\"><mark style=\"background-color:rgba(0, 0, 0, 0)\" class=\"has-inline-color has-foreground-color\">Carrera: <\/mark><mark style=\"background-color:rgba(0, 0, 0, 0);color:#ff7805\" class=\"has-inline-color\">350.00 mm<\/mark><\/li>\n\n<li class=\" eplus-wrapper eplus-styles-uid-b14b53\"><mark style=\"background-color:rgba(0, 0, 0, 0)\" class=\"has-inline-color has-foreground-color\">Dimensiones Mesa: <\/mark><mark style=\"background-color:rgba(0, 0, 0, 0);color:#ff7805\" class=\"has-inline-color\">300.00 mm x 350.00 mm<\/mark><\/li>\n\n<li class=\" eplus-wrapper eplus-styles-uid-b14b53\"><mark style=\"background-color:rgba(0, 0, 0, 0)\" class=\"has-inline-color has-foreground-color\">Peso: <\/mark><mark style=\"background-color:rgba(0, 0, 0, 0);color:#ff7805\" class=\"has-inline-color\">115.00 Kg<\/mark><\/li><\/ul><\/li><\/ul>\n\n\n<div style=\"height:25px\" aria-hidden=\"true\" class=\" wp-block-spacer eplus-wrapper\"><\/div>\n\n\n<figure class=\" wp-block-image size-full is-resized eplus-wrapper eplus-styles-uid-96b58f\"><img decoding=\"async\" src=\"https:\/\/4manpro.com\/SPA\/wp-content\/uploads\/2024\/02\/Serie-STM-1.jpg\" alt=\"\" class=\"wp-image-3476\" style=\"width:250px\"><\/figure><\/div>\n<\/div>\n\n\n<hr class=\"is-style-dots wp-block-separator has-alpha-channel-opacity eplus-wrapper\"\/>\n\n\n<p class=\"has-vivid-cyan-blue-background-color has-background eplus-wrapper eplus-styles-uid-197e17 wp-block-paragraph\">SERIE STD<\/p>\n\n\n<div style=\"height:6px\" aria-hidden=\"true\" class=\" wp-block-spacer eplus-wrapper\"><\/div>\n\n\n<div class=\"wp-block-columns alignwide eplus-wrapper is-layout-flex wp-container-core-columns-is-layout-f56f613f wp-block-columns-is-layout-flex eplus-styles-uid-e5a0be\">\n<div class=\"wp-block-column eplus-wrapper is-layout-flow wp-block-column-is-layout-flow\" style=\"flex-basis:50%\"><ul class=\" wp-block-list eplus-wrapper eplus-styles-uid-343516\"><li class=\" eplus-wrapper eplus-styles-uid-ed0e73\"><a href=\"https:\/\/4manpro.com\/SPA\/correderas\/correderas-manuales\/std-1530\/\" data-type=\"page\" data-id=\"3537\"><mark style=\"background-color:rgba(0, 0, 0, 0);color:#0693e3\" class=\"has-inline-color\">STD-1530<\/mark><\/a><ul class=\" wp-block-list eplus-wrapper eplus-styles-uid-540b6c\"><li class=\" eplus-wrapper eplus-styles-uid-b14b53\"><mark style=\"background-color:rgba(0, 0, 0, 0)\" class=\"has-inline-color has-foreground-color\">Carrera: <\/mark><mark style=\"background-color:rgba(0, 0, 0, 0);color:#ff7805\" class=\"has-inline-color\">100.00 mm<\/mark><\/li>\n\n<li class=\" eplus-wrapper eplus-styles-uid-b14b53\"><mark style=\"background-color:rgba(0, 0, 0, 0)\" class=\"has-inline-color has-foreground-color\">Dimensiones Mesa: <\/mark><mark style=\"background-color:rgba(0, 0, 0, 0);color:#ff7805\" class=\"has-inline-color\">150.00 mm x 200.00 mm<\/mark><\/li>\n\n<li class=\" eplus-wrapper eplus-styles-uid-b14b53\"><mark style=\"background-color:rgba(0, 0, 0, 0)\" class=\"has-inline-color has-foreground-color\">Peso: <\/mark><mark style=\"background-color:rgba(0, 0, 0, 0);color:#ff7805\" class=\"has-inline-color\">20.00 Kg<\/mark><\/li><\/ul><\/li><\/ul>\n\n\n<div style=\"height:131px\" aria-hidden=\"true\" class=\" wp-block-spacer eplus-wrapper\"><\/div>\n\n\n<figure class=\" wp-block-image aligncenter size-full is-resized eplus-wrapper eplus-styles-uid-091a76\"><img decoding=\"async\" src=\"https:\/\/4manpro.com\/SPA\/wp-content\/uploads\/2024\/02\/Serie-STDM-1-1.jpg\" alt=\"\" class=\"wp-image-3477\" style=\"width:250px\"><\/figure><\/div>\n\n\n\n<div class=\"wp-block-column eplus-wrapper is-layout-flow wp-block-column-is-layout-flow\" style=\"flex-basis:50%\"><ul class=\" wp-block-list eplus-wrapper eplus-styles-uid-51580f\"><li class=\" eplus-wrapper eplus-styles-uid-ed0e73\"><a href=\"https:\/\/4manpro.com\/SPA\/correderas\/correderas-manuales\/std-2020\/\" data-type=\"page\" data-id=\"3532\"><mark style=\"background-color:rgba(0, 0, 0, 0);color:#0693e3\" class=\"has-inline-color\">STD-2020<\/mark><\/a><ul class=\" wp-block-list eplus-wrapper eplus-styles-uid-bcbd86\">\n<li class=\" eplus-wrapper\"><mark style=\"background-color:rgba(0, 0, 0, 0)\" class=\"has-inline-color has-foreground-color\">Carrera: <\/mark><mark style=\"background-color:rgba(0, 0, 0, 0);color:#ff7805\" class=\"has-inline-color\">50.00 mm<\/mark><\/li>\n\n\n\n<li class=\" eplus-wrapper\"><mark style=\"background-color:rgba(0, 0, 0, 0)\" class=\"has-inline-color has-foreground-color\">Dimensiones Mesa: <\/mark><mark style=\"background-color:rgba(0, 0, 0, 0);color:#ff7805\" class=\"has-inline-color\">150.00 mm x 150.00 mm<\/mark><\/li>\n\n\n\n<li class=\" eplus-wrapper\"><mark style=\"background-color:rgba(0, 0, 0, 0)\" class=\"has-inline-color has-foreground-color\">Peso: <\/mark><mark style=\"background-color:rgba(0, 0, 0, 0);color:#ff7805\" class=\"has-inline-color\">26.00<\/mark><\/li>\n<\/ul><\/li><\/ul>\n\n<ul class=\" wp-block-list eplus-wrapper eplus-styles-uid-57e031\"><li class=\" eplus-wrapper eplus-styles-uid-ed0e73\"><a href=\"https:\/\/4manpro.com\/SPA\/correderas\/correderas-manuales\/std-2040\/\" data-type=\"page\" data-id=\"3542\"><mark style=\"background-color:rgba(0, 0, 0, 0);color:#0693e3\" class=\"has-inline-color\">STD-2040<\/mark><\/a><ul class=\" wp-block-list eplus-wrapper eplus-styles-uid-373dd8\">\n<li class=\" eplus-wrapper\"><mark style=\"background-color:rgba(0, 0, 0, 0)\" class=\"has-inline-color has-foreground-color\">Carrera: <\/mark><mark style=\"background-color:rgba(0, 0, 0, 0);color:#ff7805\" class=\"has-inline-color\">100.00 mm<\/mark><\/li>\n\n\n\n<li class=\" eplus-wrapper\"><mark style=\"background-color:rgba(0, 0, 0, 0)\" class=\"has-inline-color has-foreground-color\">Dimensiones Mesa: <\/mark><mark style=\"background-color:rgba(0, 0, 0, 0);color:#ff7805\" class=\"has-inline-color\">200.00 mm x 300.00 mm<\/mark><\/li>\n\n\n\n<li class=\" eplus-wrapper\"><mark style=\"background-color:rgba(0, 0, 0, 0)\" class=\"has-inline-color has-foreground-color\">Peso: <\/mark><mark style=\"background-color:rgba(0, 0, 0, 0);color:#ff7805\" class=\"has-inline-color\">35.00 Kg<\/mark><\/li>\n<\/ul><\/li><\/ul>\n\n<ul class=\" wp-block-list eplus-wrapper eplus-styles-uid-eaa482\"><li class=\" eplus-wrapper eplus-styles-uid-ed0e73\"><a href=\"https:\/\/4manpro.com\/SPA\/correderas\/correderas-manuales\/std-3035\/\" data-type=\"page\" data-id=\"3547\"><mark style=\"background-color:rgba(0, 0, 0, 0);color:#0693e3\" class=\"has-inline-color\">STD-3035<\/mark><\/a><ul class=\" wp-block-list eplus-wrapper eplus-styles-uid-f40c15\"><li class=\" eplus-wrapper eplus-styles-uid-b14b53\"><mark style=\"background-color:rgba(0, 0, 0, 0)\" class=\"has-inline-color has-foreground-color\">Carrera: <\/mark><mark style=\"background-color:rgba(0, 0, 0, 0);color:#ff7805\" class=\"has-inline-color\">50.00 mm<\/mark><\/li>\n\n<li class=\" eplus-wrapper eplus-styles-uid-b14b53\"><mark style=\"background-color:rgba(0, 0, 0, 0)\" class=\"has-inline-color has-foreground-color\">Dimensiones Mesa: <\/mark><mark style=\"background-color:rgba(0, 0, 0, 0);color:#ff7805\" class=\"has-inline-color\">250.00 mm x 250.00 mm<\/mark><\/li>\n\n<li class=\" eplus-wrapper eplus-styles-uid-b14b53\"><mark style=\"background-color:rgba(0, 0, 0, 0)\" class=\"has-inline-color has-foreground-color\">Peso: <\/mark><mark style=\"background-color:rgba(0, 0, 0, 0);color:#ff7805\" class=\"has-inline-color\">52.00 Kg<\/mark><\/li><\/ul><\/li><\/ul>\n\n<ul class=\" wp-block-list eplus-wrapper eplus-styles-uid-a2ef92\"><li class=\" eplus-wrapper eplus-styles-uid-ed0e73\"><a href=\"https:\/\/4manpro.com\/SPA\/correderas\/correderas-manuales\/std-3045\/\" data-type=\"page\" data-id=\"3552\"><mark style=\"background-color:rgba(0, 0, 0, 0);color:#0693e3\" class=\"has-inline-color\">STD-3045<\/mark><\/a><ul class=\" wp-block-list eplus-wrapper eplus-styles-uid-595795\"><li class=\" eplus-wrapper eplus-styles-uid-b14b53\"><mark style=\"background-color:rgba(0, 0, 0, 0)\" class=\"has-inline-color has-foreground-color\">Carrera: <\/mark><mark style=\"background-color:rgba(0, 0, 0, 0);color:#ff7805\" class=\"has-inline-color\">150.00 mm<\/mark><\/li>\n\n<li class=\" eplus-wrapper eplus-styles-uid-b14b53\"><mark style=\"background-color:rgba(0, 0, 0, 0)\" class=\"has-inline-color has-foreground-color\">Dimensiones Mesa: <\/mark><mark style=\"background-color:rgba(0, 0, 0, 0);color:#ff7805\" class=\"has-inline-color\">250.00 mm x 250.00 mm<\/mark><\/li>\n\n<li class=\" eplus-wrapper eplus-styles-uid-b14b53\"><mark style=\"background-color:rgba(0, 0, 0, 0)\" class=\"has-inline-color has-foreground-color\">Peso: <\/mark><mark style=\"background-color:rgba(0, 0, 0, 0);color:#ff7805\" class=\"has-inline-color\">56.00 Kg<\/mark><\/li><\/ul><\/li><\/ul>\n\n<ul class=\" wp-block-list eplus-wrapper eplus-styles-uid-eb8deb\"><li class=\" eplus-wrapper eplus-styles-uid-ed0e73\"><a href=\"https:\/\/4manpro.com\/SPA\/correderas\/correderas-manuales\/std-3650\/\" data-type=\"page\" data-id=\"3557\"><mark style=\"background-color:rgba(0, 0, 0, 0);color:#0693e3\" class=\"has-inline-color\">STD-3650<\/mark><\/a><ul class=\" wp-block-list eplus-wrapper eplus-styles-uid-212bce\"><li class=\" eplus-wrapper eplus-styles-uid-b14b53\"><mark style=\"background-color:rgba(0, 0, 0, 0)\" class=\"has-inline-color has-foreground-color\">Carrera: <\/mark><mark style=\"background-color:rgba(0, 0, 0, 0);color:#ff7805\" class=\"has-inline-color\">150.00 mm<\/mark><\/li>\n\n<li class=\" eplus-wrapper eplus-styles-uid-b14b53\"><mark style=\"background-color:rgba(0, 0, 0, 0)\" class=\"has-inline-color has-foreground-color\">Dimensiones Mesa: <\/mark><mark style=\"background-color:rgba(0, 0, 0, 0);color:#ff7805\" class=\"has-inline-color\">300.00 mm x 350.00 mm<\/mark><\/li>\n\n<li class=\" eplus-wrapper eplus-styles-uid-b14b53\"><mark style=\"background-color:rgba(0, 0, 0, 0)\" class=\"has-inline-color has-foreground-color\">Peso: <\/mark><mark style=\"background-color:rgba(0, 0, 0, 0);color:#ff7805\" class=\"has-inline-color\">72.00 Kg<\/mark><\/li><\/ul><\/li><\/ul><\/div>\n<\/div>","protected":false},"excerpt":{"rendered":"<p>Las Correderas Deslizantes Manuales de la Serie STD con perfil de bancada de acero de estilo cola de milano, as\u00ed como las Correderas Deslizantes Manuales de la Serie ST con perfil de bancada de acero con gu\u00edas lineales; est\u00e1n dise\u00f1adas con tornillo de avance y transmisi\u00f3n de volante para establecer posiciones precisas en el trabajo [&hellip;]<\/p>\n","protected":false},"author":1,"featured_media":0,"parent":98,"menu_order":0,"comment_status":"closed","ping_status":"closed","template":"principal-cuadros-individuales-2","meta":{"_crdt_document":"","editor_plus_copied_stylings":"{}","footnotes":""},"class_list":["post-3059","page","type-page","status-publish","hentry"],"_links":{"self":[{"href":"https:\/\/4manpro.com\/SPA\/wp-json\/wp\/v2\/pages\/3059","targetHints":{"allow":["GET"]}}],"collection":[{"href":"https:\/\/4manpro.com\/SPA\/wp-json\/wp\/v2\/pages"}],"about":[{"href":"https:\/\/4manpro.com\/SPA\/wp-json\/wp\/v2\/types\/page"}],"author":[{"embeddable":true,"href":"https:\/\/4manpro.com\/SPA\/wp-json\/wp\/v2\/users\/1"}],"replies":[{"embeddable":true,"href":"https:\/\/4manpro.com\/SPA\/wp-json\/wp\/v2\/comments?post=3059"}],"version-history":[{"count":69,"href":"https:\/\/4manpro.com\/SPA\/wp-json\/wp\/v2\/pages\/3059\/revisions"}],"predecessor-version":[{"id":25525,"href":"https:\/\/4manpro.com\/SPA\/wp-json\/wp\/v2\/pages\/3059\/revisions\/25525"}],"up":[{"embeddable":true,"href":"https:\/\/4manpro.com\/SPA\/wp-json\/wp\/v2\/pages\/98"}],"wp:attachment":[{"href":"https:\/\/4manpro.com\/SPA\/wp-json\/wp\/v2\/media?parent=3059"}],"curies":[{"name":"wp","href":"https:\/\/api.w.org\/{rel}","templated":true}]}}