{"id":2315,"date":"2024-02-16T14:39:19","date_gmt":"2024-02-16T20:39:19","guid":{"rendered":"https:\/\/4manpro.com\/SPA\/?page_id=2315"},"modified":"2026-03-11T20:33:44","modified_gmt":"2026-03-12T02:33:44","slug":"serie-d2","status":"publish","type":"page","link":"https:\/\/4manpro.com\/SPA\/cabezales-multihusillo\/serie-d2\/","title":{"rendered":"Serie D2"},"content":{"rendered":"\n<div class=\"wp-block-buttons alignwide eplus-wrapper is-content-justification-space-between is-nowrap is-layout-flex wp-container-core-buttons-is-layout-4561150b wp-block-buttons-is-layout-flex\"><div style=\"--wp--block-button--width: 50;\" class=\"wp-block-button eplus-wrapper has-custom-width wp-block-button__width wp-block-button__width-50 eplus-styles-uid-027c62\"><a class=\"wp-block-button__link has-foreground-color has-text-color has-background has-link-color wp-element-button\" href=\"http:\/\/WWW.4MANPRO.COM\/SPA\/\" style=\"background-color:#999999\">PRINCIPAL<\/a><\/div>\n\n<div style=\"--wp--block-button--width: 50;\" class=\"wp-block-button eplus-wrapper has-custom-width wp-block-button__width wp-block-button__width-50 eplus-styles-uid-bcd6a0\"><a class=\"wp-block-button__link has-foreground-color has-background-background-color has-text-color has-background has-link-color wp-element-button\" href=\"https:\/\/4manpro.com\/SPA\/cabezales-multihusillo\/\" style=\"background-color:#999999\">ATR\u00c1S<\/a><\/div>\n\n<div style=\"--wp--block-button--width: 50;\" class=\"wp-block-button eplus-wrapper has-custom-width wp-block-button__width wp-block-button__width-50 eplus-styles-uid-3cd02e\"><a class=\"wp-block-button__link has-background-color has-text-color has-background has-link-color wp-element-button\" href=\"https:\/\/www.4manpro.com\/princ-2\/multi-spindle-heads\/sd2-series\/\" style=\"background-color:#ff7805\">ENGLISH<\/a><\/div><\/div>\n\n\n\n<figure class=\" wp-block-image alignwide size-large eplus-wrapper\"><img loading=\"lazy\" decoding=\"async\" width=\"1024\" height=\"181\" src=\"https:\/\/4manpro.com\/SPA\/wp-content\/uploads\/2026\/03\/Serie-D2-1024x181.jpg\" alt=\"\" class=\"wp-image-34284\" srcset=\"https:\/\/4manpro.com\/SPA\/wp-content\/uploads\/2026\/03\/Serie-D2-1024x181.jpg 1024w, https:\/\/4manpro.com\/SPA\/wp-content\/uploads\/2026\/03\/Serie-D2-300x53.jpg 300w, https:\/\/4manpro.com\/SPA\/wp-content\/uploads\/2026\/03\/Serie-D2-768x136.jpg 768w, https:\/\/4manpro.com\/SPA\/wp-content\/uploads\/2026\/03\/Serie-D2-1536x271.jpg 1536w, https:\/\/4manpro.com\/SPA\/wp-content\/uploads\/2026\/03\/Serie-D2.jpg 1920w\" sizes=\"auto, (max-width: 1024px) 100vw, 1024px\" \/><\/figure>\n\n\n\n<hr class=\" wp-block-separator has-alpha-channel-opacity eplus-wrapper\"\/>\n\n\n\n<div class=\"wp-block-group alignwide eplus-wrapper is-layout-constrained wp-block-group-is-layout-constrained\"><figure class=\" wp-block-image alignleft size-full is-resized eplus-wrapper eplus-styles-uid-c73b55\"><img loading=\"lazy\" decoding=\"async\" width=\"512\" height=\"512\" src=\"https:\/\/4manpro.com\/SPA\/wp-content\/uploads\/2023\/12\/cropped-Logo-Cuadro-BLACK-5x5-1.jpg\" alt=\"\" class=\"wp-image-613\" style=\"width:200px\" srcset=\"https:\/\/4manpro.com\/SPA\/wp-content\/uploads\/2023\/12\/cropped-Logo-Cuadro-BLACK-5x5-1.jpg 512w, https:\/\/4manpro.com\/SPA\/wp-content\/uploads\/2023\/12\/cropped-Logo-Cuadro-BLACK-5x5-1-300x300.jpg 300w, https:\/\/4manpro.com\/SPA\/wp-content\/uploads\/2023\/12\/cropped-Logo-Cuadro-BLACK-5x5-1-150x150.jpg 150w, https:\/\/4manpro.com\/SPA\/wp-content\/uploads\/2023\/12\/cropped-Logo-Cuadro-BLACK-5x5-1-270x270.jpg 270w, https:\/\/4manpro.com\/SPA\/wp-content\/uploads\/2023\/12\/cropped-Logo-Cuadro-BLACK-5x5-1-192x192.jpg 192w, https:\/\/4manpro.com\/SPA\/wp-content\/uploads\/2023\/12\/cropped-Logo-Cuadro-BLACK-5x5-1-180x180.jpg 180w, https:\/\/4manpro.com\/SPA\/wp-content\/uploads\/2023\/12\/cropped-Logo-Cuadro-BLACK-5x5-1-32x32.jpg 32w\" sizes=\"auto, (max-width: 512px) 100vw, 512px\" \/><\/figure><\/div>\n\n\n<p class=\"alignwide eplus-wrapper eplus-styles-uid-cb9986 wp-block-paragraph\">En\u00a0<strong><mark style=\"background-color:rgba(0, 0, 0, 0);color:#ff6900\" class=\"has-inline-color\">4ManPro<sup>\u00ae<\/sup><\/mark><\/strong>\u00a0<em>(Elements For Manufacturing Processes) una <mark style=\"background-color:rgba(0, 0, 0, 0);color:#ff7805\" class=\"has-inline-color\">Hann Kuen Machinery &amp; Hardware, Co., Ltd.<\/mark> <\/em><strong>BRANCH OFFICE<\/strong><em>,<\/em>\u00a0contamos con la m\u00e1s amplia l\u00ednea de cabezales de l\u00ednea para las aplicaciones m\u00e1s usuales dentro de la industria.<\/p>\n\n<p class=\"alignwide eplus-wrapper eplus-styles-uid-cb9986 wp-block-paragraph\">As\u00ed mismo, tambi\u00e9n contamos con desarrollo de cabezales fabricados sobre especificaciones del cliente para aplicaciones especializadas y niveles de producci\u00f3n muy demandantes, siendo elementos de tipo fijo para cumplir con las especificaciones especificas de cada proyecto.<\/p>\n\n<p class=\"alignwide eplus-wrapper eplus-styles-uid-cb9986 wp-block-paragraph\">Dentro es estas l\u00edneas de productos contamos con la\u00a0<em>SERIE <\/em><mark style=\"background-color:rgba(0, 0, 0, 0);color:#ff7805\" class=\"has-inline-color\"><em><strong>D2<\/strong><\/em> <\/mark>de Cabezales M\u00faltiples para aplicaciones de\u00a0<em><mark style=\"background-color:rgba(0, 0, 0, 0);color:#ff7805\" class=\"has-inline-color\">perforado\u00a0<\/mark><\/em>o\u00a0<em><mark style=\"background-color:rgba(0, 0, 0, 0);color:#ff7805\" class=\"has-inline-color\">machueleado<\/mark><\/em>, donde es requerido hasta un m\u00e1ximo de <mark style=\"background-color:rgba(0, 0, 0, 0);color:#ff7805\" class=\"has-inline-color\"><em>4 husillos.<\/em>\u00a0<\/mark><\/p>\n\n<p class=\"alignwide eplus-wrapper eplus-styles-uid-cb9986 wp-block-paragraph\">A continuaci\u00f3n presentamos los elementos que componen esta serie.<\/p>\n\n\n<hr class=\" wp-block-separator has-alpha-channel-opacity eplus-wrapper\"\/>\n\n\n<p class=\"has-background eplus-wrapper eplus-styles-uid-d7984f wp-block-paragraph\" style=\"background-color:#696969\">ELEMENTOS<\/p>\n\n\n<div style=\"height:5px\" aria-hidden=\"true\" class=\" wp-block-spacer eplus-wrapper\"><\/div>\n\n\n<div class=\"wp-block-columns alignwide eplus-wrapper is-layout-flex wp-container-core-columns-is-layout-f56f613f wp-block-columns-is-layout-flex eplus-styles-uid-c75522\">\n<div class=\"wp-block-column is-vertically-aligned-center eplus-wrapper is-layout-flow wp-block-column-is-layout-flow\" style=\"flex-basis:50%\"><figure class=\" wp-block-image aligncenter size-full is-resized eplus-wrapper eplus-styles-uid-77f467\"><img loading=\"lazy\" decoding=\"async\" width=\"827\" height=\"827\" src=\"https:\/\/4manpro.com\/SPA\/wp-content\/uploads\/2026\/03\/SERIE-D2-I.jpg\" alt=\"\" class=\"wp-image-34377\" style=\"width:400px\" srcset=\"https:\/\/4manpro.com\/SPA\/wp-content\/uploads\/2026\/03\/SERIE-D2-I.jpg 827w, https:\/\/4manpro.com\/SPA\/wp-content\/uploads\/2026\/03\/SERIE-D2-I-300x300.jpg 300w, https:\/\/4manpro.com\/SPA\/wp-content\/uploads\/2026\/03\/SERIE-D2-I-150x150.jpg 150w, https:\/\/4manpro.com\/SPA\/wp-content\/uploads\/2026\/03\/SERIE-D2-I-768x768.jpg 768w\" sizes=\"auto, (max-width: 827px) 100vw, 827px\" \/><\/figure>\n\n\n<div style=\"height:2px\" aria-hidden=\"true\" class=\" wp-block-spacer eplus-wrapper\"><\/div>\n\n\n<ul class=\" wp-block-list eplus-wrapper eplus-styles-uid-2fee49\"><li class=\" eplus-wrapper eplus-styles-uid-ba3bef\"><a href=\"https:\/\/4manpro.com\/SPA\/cabezales-multihusillo\/serie-d2\/d-177-d-192\/\" data-type=\"page\" data-id=\"2410\"><mark style=\"background-color:rgba(0, 0, 0, 0);color:#0693e3\" class=\"has-inline-color\">D-177 (D-192)<\/mark><\/a><ul class=\" wp-block-list eplus-wrapper eplus-styles-uid-3f4385\"><li class=\" eplus-wrapper eplus-styles-uid-b14b53\"><mark style=\"background-color:rgba(0, 0, 0, 0)\" class=\"has-inline-color has-foreground-color\">MODELO DE BOQUILLAS:<\/mark><ul class=\" wp-block-list eplus-wrapper eplus-styles-uid-fa0445\"><li class=\" eplus-wrapper eplus-styles-uid-97b93b\">C-9.<\/li><\/ul><\/li>\n\n<li class=\" eplus-wrapper eplus-styles-uid-b14b53\"><mark style=\"background-color:rgba(0, 0, 0, 0)\" class=\"has-inline-color has-foreground-color\">DISTANCIA M\u00c1XIMA ENTRE CENTROS:<\/mark><ul class=\" wp-block-list eplus-wrapper eplus-styles-uid-44b854\"><li class=\" eplus-wrapper eplus-styles-uid-b14b53\">177.00 mm.<\/li><\/ul><\/li>\n\n<li class=\" eplus-wrapper eplus-styles-uid-b14b53\"><mark style=\"background-color:rgba(0, 0, 0, 0)\" class=\"has-inline-color has-foreground-color\">DISTANCIA M\u00cdNIMA ENTRE CENTROS:<\/mark><ul class=\" wp-block-list eplus-wrapper eplus-styles-uid-d5bb3a\"><li class=\" eplus-wrapper eplus-styles-uid-b14b53\">37.00 mm.<\/li><\/ul><\/li>\n\n<li class=\" eplus-wrapper eplus-styles-uid-b14b53\"><mark style=\"background-color:rgba(0, 0, 0, 0)\" class=\"has-inline-color has-foreground-color\">RELACI\u00d3N DE VELOCIDAD:<\/mark><ul class=\" wp-block-list eplus-wrapper eplus-styles-uid-313313\"><li class=\" eplus-wrapper eplus-styles-uid-b14b53\">1 : 3.<\/li><\/ul><\/li>\n\n<li class=\" eplus-wrapper eplus-styles-uid-b14b53\"><mark style=\"background-color:rgba(0, 0, 0, 0)\" class=\"has-inline-color has-foreground-color\">CAPACIDAD M\u00c1XIMA DE PERFORADO:<\/mark><ul class=\" wp-block-list eplus-wrapper eplus-styles-uid-bd951d\"><li class=\" eplus-wrapper eplus-styles-uid-b14b53\">\u00d89.<\/li><\/ul><\/li>\n\n<li class=\" eplus-wrapper eplus-styles-uid-b14b53\"><mark style=\"background-color:rgba(0, 0, 0, 0)\" class=\"has-inline-color has-foreground-color\">CAPACIDAD M\u00c1XIMA DE MACHUELEADO:<\/mark><ul class=\" wp-block-list eplus-wrapper eplus-styles-uid-715bc7\"><li class=\" eplus-wrapper eplus-styles-uid-b14b53\">M8.<\/li><\/ul><\/li>\n\n<li class=\" eplus-wrapper eplus-styles-uid-b14b53\"><mark style=\"background-color:rgba(0, 0, 0, 0)\" class=\"has-inline-color has-foreground-color\">N\u00daMERO DE PUNTAS DE HUSILLO:<\/mark><ul class=\" wp-block-list eplus-wrapper eplus-styles-uid-ce81bf\"><li class=\" eplus-wrapper eplus-styles-uid-97b93b\">2 ~ 4.<\/li><\/ul><\/li><\/ul><\/li><\/ul><\/div>\n\n\n\n<div class=\"wp-block-column is-vertically-aligned-center eplus-wrapper is-layout-flow wp-block-column-is-layout-flow\" style=\"flex-basis:50%\"><ul class=\" wp-block-list eplus-wrapper eplus-styles-uid-8864f7\"><li class=\" eplus-wrapper eplus-styles-uid-ba3bef\"><a href=\"https:\/\/4manpro.com\/SPA\/cabezales-multihusillo\/serie-d2\/d-198\/\" data-type=\"page\" data-id=\"2416\"><mark style=\"background-color:rgba(0, 0, 0, 0);color:#0693e3\" class=\"has-inline-color\">D-198<\/mark><\/a><ul class=\" wp-block-list eplus-wrapper eplus-styles-uid-b92530\"><li class=\" eplus-wrapper eplus-styles-uid-5c1517\"><mark style=\"background-color:rgba(0, 0, 0, 0)\" class=\"has-inline-color has-foreground-color\">MODELO DE BOQUILLAS:<\/mark><ul class=\" wp-block-list eplus-wrapper eplus-styles-uid-281727\"><li class=\" eplus-wrapper eplus-styles-uid-4cf048\">C-12.<\/li><\/ul><\/li>\n\n<li class=\" eplus-wrapper eplus-styles-uid-4cf048\"><mark style=\"background-color:rgba(0, 0, 0, 0)\" class=\"has-inline-color has-foreground-color\">DISTANCIA M\u00c1XIMA ENTRE CENTROS:<\/mark><ul class=\" wp-block-list eplus-wrapper eplus-styles-uid-0705b8\"><li class=\" eplus-wrapper eplus-styles-uid-4cf048\">198.00 mm.<\/li><\/ul><\/li>\n\n<li class=\" eplus-wrapper eplus-styles-uid-4cf048\"><mark style=\"background-color:rgba(0, 0, 0, 0)\" class=\"has-inline-color has-foreground-color\">DISTANCIA M\u00cdNIMA ENTRE CENTROS:<\/mark><ul class=\" wp-block-list eplus-wrapper eplus-styles-uid-f884d7\"><li class=\" eplus-wrapper eplus-styles-uid-4cf048\">45.00 mm.<\/li><\/ul><\/li>\n\n<li class=\" eplus-wrapper eplus-styles-uid-4cf048\"><mark style=\"background-color:rgba(0, 0, 0, 0)\" class=\"has-inline-color has-foreground-color\">RELACI\u00d3N DE VELOCIDAD:<\/mark><ul class=\" wp-block-list eplus-wrapper eplus-styles-uid-1a5ada\"><li class=\" eplus-wrapper eplus-styles-uid-4cf048\">1 : 2.90.<\/li><\/ul><\/li>\n\n<li class=\" eplus-wrapper eplus-styles-uid-4cf048\"><mark style=\"background-color:rgba(0, 0, 0, 0)\" class=\"has-inline-color has-foreground-color\">CAPACIDAD M\u00c1XIMA DE PERFORADO:<\/mark><ul class=\" wp-block-list eplus-wrapper eplus-styles-uid-bb2e57\"><li class=\" eplus-wrapper eplus-styles-uid-4cf048\">\u00d812.<\/li><\/ul><\/li>\n\n<li class=\" eplus-wrapper eplus-styles-uid-4cf048\"><mark style=\"background-color:rgba(0, 0, 0, 0)\" class=\"has-inline-color has-foreground-color\">CAPACIDAD M\u00c1XIMA DE MACHUELEADO:<\/mark><ul class=\" wp-block-list eplus-wrapper eplus-styles-uid-afdf0d\"><li class=\" eplus-wrapper eplus-styles-uid-4cf048\">\u00a0M12.<\/li><\/ul><\/li>\n\n<li class=\" eplus-wrapper eplus-styles-uid-4cf048\"><mark style=\"background-color:rgba(0, 0, 0, 0)\" class=\"has-inline-color has-foreground-color\">N\u00daMERO DE PUNTAS DE HUSILLO:<\/mark><ul class=\" wp-block-list eplus-wrapper eplus-styles-uid-333033\"><li class=\" eplus-wrapper eplus-styles-uid-4cf048\">2 ~ 4.<\/li><\/ul><\/li><\/ul><\/li><\/ul>\n\n\n<div style=\"height:91px\" aria-hidden=\"true\" class=\" wp-block-spacer eplus-wrapper\"><\/div>\n\n\n<ul class=\" wp-block-list eplus-wrapper eplus-styles-uid-d0e853\"><li class=\" eplus-wrapper eplus-styles-uid-ba3bef\"><a href=\"https:\/\/4manpro.com\/SPA\/cabezales-multihusillo\/serie-d2\/d-240\/\" data-type=\"page\" data-id=\"2423\"><mark style=\"background-color:rgba(0, 0, 0, 0);color:#0693e3\" class=\"has-inline-color\">D-240<\/mark><\/a><ul class=\" wp-block-list eplus-wrapper eplus-styles-uid-faf897\"><li class=\" eplus-wrapper eplus-styles-uid-4cf048\"><mark style=\"background-color:rgba(0, 0, 0, 0)\" class=\"has-inline-color has-foreground-color\">MODELO DE BOQUILLAS:<\/mark><ul class=\" wp-block-list eplus-wrapper eplus-styles-uid-b2d5c6\"><li class=\" eplus-wrapper eplus-styles-uid-4cf048\">C-12.<\/li><\/ul><\/li>\n\n<li class=\" eplus-wrapper eplus-styles-uid-4cf048\"><mark style=\"background-color:rgba(0, 0, 0, 0)\" class=\"has-inline-color has-foreground-color\">DISTANCIA M\u00c1XIMA ENTRE CENTROS:<\/mark><ul class=\" wp-block-list eplus-wrapper eplus-styles-uid-15f04d\"><li class=\" eplus-wrapper eplus-styles-uid-4cf048\">240.00mm.<\/li><\/ul><\/li>\n\n<li class=\" eplus-wrapper eplus-styles-uid-4cf048\"><mark style=\"background-color:rgba(0, 0, 0, 0)\" class=\"has-inline-color has-foreground-color\">DISTANCIA M\u00cdNIMA ENTRE CENTROS:<\/mark><ul class=\" wp-block-list eplus-wrapper eplus-styles-uid-5261f7\"><li class=\" eplus-wrapper eplus-styles-uid-4cf048\">55.00 mm.<\/li><\/ul><\/li>\n\n<li class=\" eplus-wrapper eplus-styles-uid-4cf048\"><mark style=\"background-color:rgba(0, 0, 0, 0)\" class=\"has-inline-color has-foreground-color\">RELACI\u00d3N DE VELOCIDAD:<\/mark><ul class=\" wp-block-list eplus-wrapper eplus-styles-uid-b5de67\"><li class=\" eplus-wrapper eplus-styles-uid-4cf048\">1 : 3.20.<\/li><\/ul><\/li>\n\n<li class=\" eplus-wrapper eplus-styles-uid-4cf048\"><mark style=\"background-color:rgba(0, 0, 0, 0)\" class=\"has-inline-color has-foreground-color\">CAPACIDAD M\u00c1XIMA DE PERFORADO:<\/mark><ul class=\" wp-block-list eplus-wrapper eplus-styles-uid-d84a02\"><li class=\" eplus-wrapper eplus-styles-uid-4cf048\">\u00d812.<\/li><\/ul><\/li>\n\n<li class=\" eplus-wrapper eplus-styles-uid-4cf048\"><mark style=\"background-color:rgba(0, 0, 0, 0)\" class=\"has-inline-color has-foreground-color\">CAPACIDAD M\u00c1XIMA DE MACHUELEADO:<\/mark><ul class=\" wp-block-list eplus-wrapper eplus-styles-uid-82c60a\"><li class=\" eplus-wrapper eplus-styles-uid-4cf048\">M12.<\/li><\/ul><\/li>\n\n<li class=\" eplus-wrapper eplus-styles-uid-4cf048\"><mark style=\"background-color:rgba(0, 0, 0, 0)\" class=\"has-inline-color has-foreground-color\">N\u00daMERO DE PUNTAS DE HUSILLO:<\/mark><ul class=\" wp-block-list eplus-wrapper eplus-styles-uid-79ff7b\"><li class=\" eplus-wrapper eplus-styles-uid-4cf048\">2 ~ 4.<\/li><\/ul><\/li><\/ul><\/li><\/ul><\/div>\n<\/div>","protected":false},"excerpt":{"rendered":"<p>En\u00a04ManPro\u00ae\u00a0(Elements For Manufacturing Processes) una Hann Kuen Machinery &amp; Hardware, Co., Ltd. BRANCH OFFICE,\u00a0contamos con la m\u00e1s amplia l\u00ednea de cabezales de l\u00ednea para las aplicaciones m\u00e1s usuales dentro de la industria. As\u00ed mismo, tambi\u00e9n contamos con desarrollo de cabezales fabricados sobre especificaciones del cliente para aplicaciones especializadas y niveles de producci\u00f3n muy demandantes, siendo [&hellip;]<\/p>\n","protected":false},"author":1,"featured_media":0,"parent":2,"menu_order":0,"comment_status":"closed","ping_status":"closed","template":"principal-cuadros-individuales-2","meta":{"_crdt_document":"","editor_plus_copied_stylings":"{}","footnotes":""},"class_list":["post-2315","page","type-page","status-publish","hentry"],"_links":{"self":[{"href":"https:\/\/4manpro.com\/SPA\/wp-json\/wp\/v2\/pages\/2315","targetHints":{"allow":["GET"]}}],"collection":[{"href":"https:\/\/4manpro.com\/SPA\/wp-json\/wp\/v2\/pages"}],"about":[{"href":"https:\/\/4manpro.com\/SPA\/wp-json\/wp\/v2\/types\/page"}],"author":[{"embeddable":true,"href":"https:\/\/4manpro.com\/SPA\/wp-json\/wp\/v2\/users\/1"}],"replies":[{"embeddable":true,"href":"https:\/\/4manpro.com\/SPA\/wp-json\/wp\/v2\/comments?post=2315"}],"version-history":[{"count":70,"href":"https:\/\/4manpro.com\/SPA\/wp-json\/wp\/v2\/pages\/2315\/revisions"}],"predecessor-version":[{"id":34413,"href":"https:\/\/4manpro.com\/SPA\/wp-json\/wp\/v2\/pages\/2315\/revisions\/34413"}],"up":[{"embeddable":true,"href":"https:\/\/4manpro.com\/SPA\/wp-json\/wp\/v2\/pages\/2"}],"wp:attachment":[{"href":"https:\/\/4manpro.com\/SPA\/wp-json\/wp\/v2\/media?parent=2315"}],"curies":[{"name":"wp","href":"https:\/\/api.w.org\/{rel}","templated":true}]}}