{"id":2143,"date":"2024-02-14T19:36:30","date_gmt":"2024-02-15T01:36:30","guid":{"rendered":"https:\/\/4manpro.com\/SPA\/?page_id=2143"},"modified":"2026-03-24T19:34:31","modified_gmt":"2026-03-25T01:34:31","slug":"serie-ssd","status":"publish","type":"page","link":"https:\/\/4manpro.com\/SPA\/machueleado-perforado\/serie-ssd\/","title":{"rendered":"Serie SSD (MACHUELEADO)"},"content":{"rendered":"<div class=\"wp-block-buttons alignwide eplus-wrapper is-content-justification-space-between is-nowrap is-layout-flex wp-container-core-buttons-is-layout-4561150b wp-block-buttons-is-layout-flex eplus-styles-uid-54c187\"><div style=\"--wp--block-button--width: 50;\" class=\"wp-block-button eplus-wrapper has-custom-width wp-block-button__width wp-block-button__width-50 eplus-styles-uid-02b6a6\"><a class=\"wp-block-button__link has-foreground-color has-text-color has-background has-link-color wp-element-button\" href=\"https:\/\/4manpro.com\/SPA\/\" style=\"background-color:#696969\">PRINCIPAL<\/a><\/div>\n\n<div style=\"--wp--block-button--width: 50;\" class=\"wp-block-button eplus-wrapper has-custom-width wp-block-button__width wp-block-button__width-50 eplus-styles-uid-54ba65\"><a class=\"wp-block-button__link has-foreground-color has-background-background-color has-text-color has-background has-link-color wp-element-button\" href=\"https:\/\/4manpro.com\/SPA\/home\/machueleado-perforado\/\" style=\"background-color:#696969\">ATR\u00c1S<\/a><\/div>\n\n<div style=\"--wp--block-button--width: 50;\" class=\"wp-block-button eplus-wrapper has-custom-width wp-block-button__width wp-block-button__width-50 eplus-styles-uid-707535\"><a class=\"wp-block-button__link has-luminous-vivid-orange-background-color has-background has-link-color wp-element-button\">ENGLISH<\/a><\/div><\/div>\n\n\n<figure class=\" wp-block-image alignwide size-full eplus-wrapper\"><img loading=\"lazy\" decoding=\"async\" width=\"1920\" height=\"339\" src=\"https:\/\/4manpro.com\/SPA\/wp-content\/uploads\/2026\/03\/Serie-SSD.jpg\" alt=\"\" class=\"wp-image-35253\" srcset=\"https:\/\/4manpro.com\/SPA\/wp-content\/uploads\/2026\/03\/Serie-SSD.jpg 1920w, https:\/\/4manpro.com\/SPA\/wp-content\/uploads\/2026\/03\/Serie-SSD-300x53.jpg 300w, https:\/\/4manpro.com\/SPA\/wp-content\/uploads\/2026\/03\/Serie-SSD-1024x181.jpg 1024w, https:\/\/4manpro.com\/SPA\/wp-content\/uploads\/2026\/03\/Serie-SSD-768x136.jpg 768w, https:\/\/4manpro.com\/SPA\/wp-content\/uploads\/2026\/03\/Serie-SSD-1536x271.jpg 1536w\" sizes=\"auto, (max-width: 1920px) 100vw, 1920px\" \/><\/figure>\n\n\n\n<hr class=\" wp-block-separator has-alpha-channel-opacity eplus-wrapper\"\/>\n\n\n\n<div class=\"wp-block-group alignwide eplus-wrapper is-content-justification-center is-layout-constrained wp-block-group-is-layout-constrained\"><figure class=\" wp-block-image alignleft size-full is-resized eplus-wrapper eplus-styles-uid-77f467\"><img loading=\"lazy\" decoding=\"async\" width=\"512\" height=\"512\" src=\"https:\/\/4manpro.com\/SPA\/wp-content\/uploads\/2026\/03\/LOGO-BLANCO-II-3D-3.jpg\" alt=\"\" class=\"wp-image-34469\" style=\"width:200px\" srcset=\"https:\/\/4manpro.com\/SPA\/wp-content\/uploads\/2026\/03\/LOGO-BLANCO-II-3D-3.jpg 512w, https:\/\/4manpro.com\/SPA\/wp-content\/uploads\/2026\/03\/LOGO-BLANCO-II-3D-3-300x300.jpg 300w, https:\/\/4manpro.com\/SPA\/wp-content\/uploads\/2026\/03\/LOGO-BLANCO-II-3D-3-150x150.jpg 150w\" sizes=\"auto, (max-width: 512px) 100vw, 512px\" \/><\/figure>\n\n<p class=\"alignwide eplus-wrapper eplus-styles-uid-cb9986 wp-block-paragraph\">Los Servo Husillos y Cabezales de la <em>Serie <\/em><strong><mark style=\"background-color:rgba(0, 0, 0, 0);color:#ff6900\" class=\"has-inline-color\"><em>SSD<\/em> <\/mark><\/strong>de <strong><em><mark style=\"background-color:rgba(0, 0, 0, 0);color:#6b6b6b\" class=\"has-inline-color\">Hann Kuen Machinery<\/mark> &amp; <mark style=\"background-color:rgba(0, 0, 0, 0);color:#6b6b6b\" class=\"has-inline-color\">Hardware<\/mark><\/em><\/strong>, distribuidos estrat\u00e9gicamente por <strong><mark style=\"background-color:rgba(0, 0, 0, 0);color:#ff7805\" class=\"has-inline-color\"><strong>4ManPro<\/strong><sup>\u00ae<\/sup><\/mark><em> (Elements For Manufacturing Processes)<\/em> una <em><mark style=\"background-color:rgba(0, 0, 0, 0);color:#ff7805\" class=\"has-inline-color\">Hann Kuen Machinery &amp; Hardware Co., Ltd.<\/mark> <\/em><strong>BRANCH OFFICE<\/strong>,<\/strong>, constituyen una soluci\u00f3n de vanguardia en la cinem\u00e1tica de precisi\u00f3n para la automatizaci\u00f3n industrial. <\/p>\n\n<p class=\"alignwide eplus-wrapper eplus-styles-uid-cb9986 wp-block-paragraph\">Dise\u00f1ados para <em><mark style=\"background-color:rgba(0, 0, 0, 0);color:#ff6900\" class=\"has-inline-color\">integraci\u00f3n en celdas <strong>CNC <\/strong>de alto desempe\u00f1o<\/mark><\/em>, estos m\u00f3dulos emplean transmisiones mediante husillos de bolas rectificados y servomotores de alto torque, garantizando un control de posicionamiento microm\u00e9trico y una repetibilidad excepcional.<\/p>\n\n<p class=\"alignwide eplus-wrapper eplus-styles-uid-cb9986 wp-block-paragraph\">Su arquitectura modular facilita el <em><mark style=\"background-color:rgba(0, 0, 0, 0);color:#ff6900\" class=\"has-inline-color\">taladrado <\/mark><\/em>y <em><mark style=\"background-color:rgba(0, 0, 0, 0);color:#ff6900\" class=\"has-inline-color\">fresado multieje<\/mark><\/em>, optimizando ciclos de mecanizado complejo mediante una <em><mark style=\"background-color:rgba(0, 0, 0, 0);color:#ff6900\" class=\"has-inline-color\">sincronizaci\u00f3n din\u00e1mica superior<\/mark><\/em> y <em>una <mark style=\"background-color:rgba(0, 0, 0, 0);color:#ff6900\" class=\"has-inline-color\">rigidez estructural<\/mark><\/em> inigualable. Representan la convergencia ideal entre robustez mec\u00e1nica y control digital para la manufactura inteligente y procesos de alta cadencia.<\/p>\n\n<p class=\"alignwide eplus-wrapper eplus-styles-uid-cb9986 wp-block-paragraph\">La <em>Serie <\/em><mark style=\"background-color:rgba(0, 0, 0, 0);color:#ff7805\" class=\"has-inline-color\"><em><strong>SSD<\/strong><\/em> <\/mark>est\u00e1 compuesta por los siguientes modelos de <em><mark style=\"background-color:rgba(0, 0, 0, 0);color:#ff6900\" class=\"has-inline-color\">Servo Cabezales<\/mark><\/em>.<\/p><\/div>\n\n\n\n<hr class=\"is-style-dots wp-block-separator has-alpha-channel-opacity eplus-wrapper\"\/>\n\n\n<p class=\"has-background eplus-wrapper eplus-styles-uid-21fcc5 wp-block-paragraph\" style=\"background-color:#696969\">ELEMENTOS<\/p>\n\n<p class=\"has-vivid-cyan-blue-background-color has-background eplus-wrapper eplus-styles-uid-44251e wp-block-paragraph\">SERIE SSD<\/p>\n\n<div class=\"wp-block-columns alignwide eplus-wrapper is-layout-flex wp-container-core-columns-is-layout-f56f613f wp-block-columns-is-layout-flex eplus-styles-uid-57130f\">\n<div class=\"wp-block-column eplus-wrapper is-layout-flow wp-block-column-is-layout-flow\" style=\"flex-basis:40%\"><figure class=\" wp-block-image size-full eplus-wrapper eplus-styles-uid-77f467\"><img loading=\"lazy\" decoding=\"async\" width=\"827\" height=\"827\" src=\"https:\/\/4manpro.com\/SPA\/wp-content\/uploads\/2026\/03\/Serie-SSSD-2.jpg\" alt=\"\" class=\"wp-image-34874\" srcset=\"https:\/\/4manpro.com\/SPA\/wp-content\/uploads\/2026\/03\/Serie-SSSD-2.jpg 827w, https:\/\/4manpro.com\/SPA\/wp-content\/uploads\/2026\/03\/Serie-SSSD-2-300x300.jpg 300w, https:\/\/4manpro.com\/SPA\/wp-content\/uploads\/2026\/03\/Serie-SSSD-2-150x150.jpg 150w, https:\/\/4manpro.com\/SPA\/wp-content\/uploads\/2026\/03\/Serie-SSSD-2-768x768.jpg 768w\" sizes=\"auto, (max-width: 827px) 100vw, 827px\" \/><\/figure><\/div>\n\n\n\n<div class=\"wp-block-column eplus-wrapper is-layout-flow wp-block-column-is-layout-flow\" style=\"flex-basis:30%\"><ul class=\" wp-block-list eplus-wrapper eplus-styles-uid-a374ae\"><li class=\" eplus-wrapper eplus-styles-uid-43efcf\"><a href=\"https:\/\/4manpro.com\/SPA\/machueleado-perforado\/serie-ssd\/ssd03-60\/\" data-type=\"page\" data-id=\"1940\"><mark style=\"background-color:rgba(0, 0, 0, 0);color:#0693e3\" class=\"has-inline-color\">SSD03-60<\/mark><\/a><ul class=\" wp-block-list eplus-wrapper eplus-styles-uid-75305d\"><li class=\" eplus-wrapper eplus-styles-uid-5b2804\"><mark style=\"background-color:rgba(0, 0, 0, 0)\" class=\"has-inline-color has-foreground-color\">Velocidad M\u00e1xima: <\/mark><ul class=\" wp-block-list eplus-wrapper eplus-styles-uid-a7472c\"><li class=\" eplus-wrapper eplus-styles-uid-0fa5d9\">10,000 r.p.m.<\/li><\/ul><\/li>\n\n<li class=\" eplus-wrapper eplus-styles-uid-5b2804\"><mark style=\"background-color:rgba(0, 0, 0, 0)\" class=\"has-inline-color has-foreground-color\">Carrera M\u00e1xima Del Husillo: <\/mark><ul class=\" wp-block-list eplus-wrapper eplus-styles-uid-e1d2f2\"><li class=\" eplus-wrapper eplus-styles-uid-0fa5d9\">60.00 mm.<\/li><\/ul><\/li>\n\n<li class=\" eplus-wrapper eplus-styles-uid-5b2804\"><mark style=\"background-color:rgba(0, 0, 0, 0)\" class=\"has-inline-color has-foreground-color\">Capacidad M\u00e1xima De Perforado:<\/mark><ul class=\" wp-block-list eplus-wrapper eplus-styles-uid-1d2c7f\"><li class=\" eplus-wrapper eplus-styles-uid-0fa5d9\"> \u00d86mm<\/li><\/ul><\/li><\/ul><\/li><\/ul>\n\n<ul class=\" wp-block-list eplus-wrapper eplus-styles-uid-ba32ad\"><li class=\" eplus-wrapper eplus-styles-uid-43efcf\"><a href=\"https:\/\/4manpro.com\/SPA\/machueleado-perforado\/serie-ssd\/ssd03-80\/\" data-type=\"page\" data-id=\"1947\"><mark style=\"background-color:rgba(0, 0, 0, 0);color:#0693e3\" class=\"has-inline-color\">SSD03-80<\/mark><\/a><ul class=\" wp-block-list eplus-wrapper eplus-styles-uid-f9615f\"><li class=\" eplus-wrapper eplus-styles-uid-5b2804\"><mark style=\"background-color:rgba(0, 0, 0, 0)\" class=\"has-inline-color has-foreground-color\">Velocidad M\u00e1xima: <\/mark><ul class=\" wp-block-list eplus-wrapper eplus-styles-uid-861516\"><li class=\" eplus-wrapper eplus-styles-uid-0fa5d9\">10,000 r.p.m.<\/li><\/ul><\/li>\n\n<li class=\" eplus-wrapper eplus-styles-uid-5b2804\"><mark style=\"background-color:rgba(0, 0, 0, 0)\" class=\"has-inline-color has-foreground-color\">Carrera M\u00e1xima Del Husillo: <\/mark><ul class=\" wp-block-list eplus-wrapper eplus-styles-uid-9c9632\"><li class=\" eplus-wrapper eplus-styles-uid-cedc25\">80.00 mm.<\/li><\/ul><\/li>\n\n<li class=\" eplus-wrapper eplus-styles-uid-5b2804\"><mark style=\"background-color:rgba(0, 0, 0, 0)\" class=\"has-inline-color has-foreground-color\">Capacidad M\u00e1xima De Perforado:<\/mark><ul class=\" wp-block-list eplus-wrapper eplus-styles-uid-b57c46\"><li class=\" eplus-wrapper eplus-styles-uid-0fa5d9\"> \u00d86mm<\/li><\/ul><\/li><\/ul><\/li><\/ul>\n\n<ul class=\" wp-block-list eplus-wrapper eplus-styles-uid-ed05f4\"><li class=\" eplus-wrapper eplus-styles-uid-43d5dd\"><a href=\"https:\/\/4manpro.com\/SPA\/machueleado-perforado\/serie-ssd\/ssd05-85\/\" data-type=\"page\" data-id=\"1955\"><mark style=\"background-color:rgba(0, 0, 0, 0);color:#0693e3\" class=\"has-inline-color\">SSD05-85<\/mark><\/a><ul class=\" wp-block-list eplus-wrapper eplus-styles-uid-244613\"><li class=\" eplus-wrapper eplus-styles-uid-5b2804\"><mark style=\"background-color:rgba(0, 0, 0, 0)\" class=\"has-inline-color has-foreground-color\">Velocidad M\u00e1xima:<\/mark><ul class=\" wp-block-list eplus-wrapper eplus-styles-uid-e94063\"><li class=\" eplus-wrapper eplus-styles-uid-0fa5d9\"> 5,000 r.p.m.<\/li><\/ul><\/li>\n\n<li class=\" eplus-wrapper eplus-styles-uid-5b2804\"><mark style=\"background-color:rgba(0, 0, 0, 0)\" class=\"has-inline-color has-foreground-color\">Carrera M\u00e1xima Del Husillo: <\/mark><ul class=\" wp-block-list eplus-wrapper eplus-styles-uid-53a484\"><li class=\" eplus-wrapper eplus-styles-uid-cedc25\">85.00 mm.<\/li><\/ul><\/li>\n\n<li class=\" eplus-wrapper eplus-styles-uid-5b2804\"><mark style=\"background-color:rgba(0, 0, 0, 0)\" class=\"has-inline-color has-foreground-color\">Capacidad M\u00e1xima De Perforado:<strong> <\/strong><\/mark><ul class=\" wp-block-list eplus-wrapper eplus-styles-uid-78a632\"><li class=\" eplus-wrapper eplus-styles-uid-cedc25\">\u00d813mm<\/li><\/ul><\/li><\/ul><\/li><\/ul><\/div>\n\n\n\n<div class=\"wp-block-column eplus-wrapper is-layout-flow wp-block-column-is-layout-flow\" style=\"flex-basis:30%\"><ul class=\" wp-block-list eplus-wrapper eplus-styles-uid-154d58\"><li class=\" eplus-wrapper eplus-styles-uid-43d5dd\"><a href=\"https:\/\/4manpro.com\/SPA\/machueleado-perforado\/serie-ssd\/ssd06-100\/\" data-type=\"page\" data-id=\"1968\"><mark style=\"background-color:rgba(0, 0, 0, 0);color:#0693e3\" class=\"has-inline-color\">SSD06-100<\/mark><\/a><ul class=\" wp-block-list eplus-wrapper eplus-styles-uid-ba4177\"><li class=\" eplus-wrapper eplus-styles-uid-5b2804\"><mark style=\"background-color:rgba(0, 0, 0, 0)\" class=\"has-inline-color has-foreground-color\">Velocidad M\u00e1xima: <\/mark><ul class=\" wp-block-list eplus-wrapper eplus-styles-uid-1478c6\"><li class=\" eplus-wrapper eplus-styles-uid-0fa5d9\">3,500 r.p.m.<\/li><\/ul><\/li>\n\n<li class=\" eplus-wrapper eplus-styles-uid-5b2804\"><mark style=\"background-color:rgba(0, 0, 0, 0)\" class=\"has-inline-color has-foreground-color\">Carrera M\u00e1xima Del Husillo: <\/mark><ul class=\" wp-block-list eplus-wrapper eplus-styles-uid-5ff43d\"><li class=\" eplus-wrapper eplus-styles-uid-0fa5d9\">100.00 mm.<\/li><\/ul><\/li>\n\n<li class=\" eplus-wrapper eplus-styles-uid-5b2804\"><mark style=\"background-color:rgba(0, 0, 0, 0)\" class=\"has-inline-color has-foreground-color\">Capacidad M\u00e1xima De Perforado:<strong> <\/strong><\/mark><ul class=\" wp-block-list eplus-wrapper eplus-styles-uid-0e955c\"><li class=\" eplus-wrapper eplus-styles-uid-0fa5d9\">\u00d816mm<\/li><\/ul><\/li><\/ul><\/li><\/ul>\n\n<ul class=\" wp-block-list eplus-wrapper eplus-styles-uid-2a1329\"><li class=\" eplus-wrapper eplus-styles-uid-43d5dd\"><a href=\"https:\/\/4manpro.com\/SPA\/machueleado-perforado\/serie-ssd\/ssd06h-100\/\" data-type=\"page\" data-id=\"1975\"><mark style=\"background-color:rgba(0, 0, 0, 0);color:#0693e3\" class=\"has-inline-color\">SSD06H-100<\/mark><\/a><ul class=\" wp-block-list eplus-wrapper eplus-styles-uid-a193c8\"><li class=\" eplus-wrapper eplus-styles-uid-5b2804\"><mark style=\"background-color:rgba(0, 0, 0, 0)\" class=\"has-inline-color has-foreground-color\">Velocidad M\u00e1xima: <\/mark><ul class=\" wp-block-list eplus-wrapper eplus-styles-uid-1a28ec\"><li class=\" eplus-wrapper eplus-styles-uid-0fa5d9\">10,000 r.p.m.<\/li><\/ul><\/li>\n\n<li class=\" eplus-wrapper eplus-styles-uid-5b2804\"><mark style=\"background-color:rgba(0, 0, 0, 0)\" class=\"has-inline-color has-foreground-color\">Carrera M\u00e1xima Del Husillo:<\/mark><ul class=\" wp-block-list eplus-wrapper eplus-styles-uid-c986d9\"><li class=\" eplus-wrapper eplus-styles-uid-0fa5d9\"> 100.00 mm.<\/li><\/ul><\/li>\n\n<li class=\" eplus-wrapper eplus-styles-uid-5b2804\"><mark style=\"background-color:rgba(0, 0, 0, 0)\" class=\"has-inline-color has-foreground-color\">Capacidad M\u00e1xima De Perforado:<\/mark><ul class=\" wp-block-list eplus-wrapper eplus-styles-uid-c7a33e\"><li class=\" eplus-wrapper eplus-styles-uid-0fa5d9\"> \u00d816mm<\/li><\/ul><\/li><\/ul><\/li><\/ul><\/div>\n<\/div>\n\n\n<hr class=\"is-style-dots wp-block-separator has-alpha-channel-opacity eplus-wrapper\"\/>\n\n\n<div class=\"wp-block-columns alignwide eplus-wrapper is-layout-flex wp-container-core-columns-is-layout-f56f613f wp-block-columns-is-layout-flex eplus-styles-uid-d3697b\">\n<div class=\"wp-block-column is-vertically-aligned-bottom eplus-wrapper is-layout-flow wp-block-column-is-layout-flow\" style=\"flex-basis:40%\"><figure class=\" wp-block-image size-full eplus-wrapper eplus-styles-uid-eeda68\"><img loading=\"lazy\" decoding=\"async\" width=\"827\" height=\"827\" src=\"https:\/\/4manpro.com\/SPA\/wp-content\/uploads\/2026\/03\/Serie-SSD-1.jpg\" alt=\"\" class=\"wp-image-34869\" srcset=\"https:\/\/4manpro.com\/SPA\/wp-content\/uploads\/2026\/03\/Serie-SSD-1.jpg 827w, https:\/\/4manpro.com\/SPA\/wp-content\/uploads\/2026\/03\/Serie-SSD-1-300x300.jpg 300w, https:\/\/4manpro.com\/SPA\/wp-content\/uploads\/2026\/03\/Serie-SSD-1-150x150.jpg 150w, https:\/\/4manpro.com\/SPA\/wp-content\/uploads\/2026\/03\/Serie-SSD-1-768x768.jpg 768w\" sizes=\"auto, (max-width: 827px) 100vw, 827px\" \/><\/figure><\/div>\n\n\n\n<div class=\"wp-block-column eplus-wrapper is-layout-flow wp-block-column-is-layout-flow\" style=\"flex-basis:30%\"><ul class=\" wp-block-list eplus-wrapper eplus-styles-uid-957da3\"><li class=\" eplus-wrapper eplus-styles-uid-43d5dd\"><a href=\"https:\/\/4manpro.com\/SPA\/machueleado-perforado\/serie-ssd\/ssd09-120\/\" data-type=\"page\" data-id=\"2016\"><mark style=\"background-color:rgba(0, 0, 0, 0);color:#0693e3\" class=\"has-inline-color\">SSD09-120<\/mark><\/a><ul class=\" wp-block-list eplus-wrapper eplus-styles-uid-cd6e23\"><li class=\" eplus-wrapper eplus-styles-uid-5b2804\"><mark style=\"background-color:rgba(0, 0, 0, 0)\" class=\"has-inline-color has-foreground-color\">Velocidad M\u00e1xima:<\/mark><ul class=\" wp-block-list eplus-wrapper eplus-styles-uid-606075\"><li class=\" eplus-wrapper eplus-styles-uid-0fa5d9\"> 3,000 r.p.m.<\/li><\/ul><\/li>\n\n<li class=\" eplus-wrapper eplus-styles-uid-5b2804\"><mark style=\"background-color:rgba(0, 0, 0, 0)\" class=\"has-inline-color has-foreground-color\">Carrera M\u00e1xima Del Husillo: <\/mark><ul class=\" wp-block-list eplus-wrapper eplus-styles-uid-79ccf6\"><li class=\" eplus-wrapper eplus-styles-uid-0fa5d9\">120.00 mm.<\/li><\/ul><\/li>\n\n<li class=\" eplus-wrapper eplus-styles-uid-5b2804\"><mark style=\"background-color:rgba(0, 0, 0, 0)\" class=\"has-inline-color has-foreground-color\">Capacidad M\u00e1xima De Perforado:<\/mark><ul class=\" wp-block-list eplus-wrapper eplus-styles-uid-287fc5\"><li class=\" eplus-wrapper eplus-styles-uid-0fa5d9\"> \u00d825mm<\/li><\/ul><\/li><\/ul><\/li><\/ul>\n\n<ul class=\" wp-block-list eplus-wrapper eplus-styles-uid-b7402c\"><li class=\" eplus-wrapper eplus-styles-uid-43d5dd\"><a href=\"https:\/\/4manpro.com\/SPA\/machueleado-perforado\/serie-ssd\/ssd09h-120\/\" data-type=\"page\" data-id=\"2024\"><mark style=\"background-color:rgba(0, 0, 0, 0);color:#0693e3\" class=\"has-inline-color\">SSD09H-120<\/mark><\/a><ul class=\" wp-block-list eplus-wrapper eplus-styles-uid-d68356\"><li class=\" eplus-wrapper eplus-styles-uid-5b2804\"><mark style=\"background-color:rgba(0, 0, 0, 0)\" class=\"has-inline-color has-foreground-color\">Velocidad M\u00e1xima: <\/mark><ul class=\" wp-block-list eplus-wrapper eplus-styles-uid-abc75c\"><li class=\" eplus-wrapper eplus-styles-uid-0fa5d9\">8,000 r.p.m.<\/li><\/ul><\/li>\n\n<li class=\" eplus-wrapper eplus-styles-uid-5b2804\"><mark style=\"background-color:rgba(0, 0, 0, 0)\" class=\"has-inline-color has-foreground-color\">Carrera M\u00e1xima Del Husillo: <\/mark><ul class=\" wp-block-list eplus-wrapper eplus-styles-uid-32925f\"><li class=\" eplus-wrapper eplus-styles-uid-0fa5d9\">120.00 mm.<\/li><\/ul><\/li>\n\n<li class=\" eplus-wrapper eplus-styles-uid-b14b53\"><mark style=\"background-color:rgba(0, 0, 0, 0)\" class=\"has-inline-color has-foreground-color\">Capacidad M\u00e1xima De Perforado:<\/mark><ul class=\" wp-block-list eplus-wrapper eplus-styles-uid-efa20b\"><li class=\" eplus-wrapper eplus-styles-uid-0fa5d9\">\u00d825mm.<\/li><\/ul><\/li><\/ul><\/li><\/ul>\n\n<ul class=\" wp-block-list eplus-wrapper eplus-styles-uid-92e54d\"><li class=\" eplus-wrapper eplus-styles-uid-43d5dd\"><a href=\"https:\/\/4manpro.com\/SPA\/machueleado-perforado\/serie-ssd\/ssd12-150\/\" data-type=\"page\" data-id=\"2032\"><mark style=\"background-color:rgba(0, 0, 0, 0);color:#0693e3\" class=\"has-inline-color\">SSD12-150<\/mark><\/a><ul class=\" wp-block-list eplus-wrapper eplus-styles-uid-38e8a8\"><li class=\" eplus-wrapper eplus-styles-uid-5b2804\"><mark style=\"background-color:rgba(0, 0, 0, 0)\" class=\"has-inline-color has-foreground-color\">Velocidad M\u00e1xima: <\/mark><ul class=\" wp-block-list eplus-wrapper eplus-styles-uid-085952\"><li class=\" eplus-wrapper eplus-styles-uid-0fa5d9\">2,000 r.p.m.<\/li><\/ul><\/li>\n\n<li class=\" eplus-wrapper eplus-styles-uid-5b2804\"><mark style=\"background-color:rgba(0, 0, 0, 0)\" class=\"has-inline-color has-foreground-color\">Carrera M\u00e1xima Del Husillo: <\/mark><ul class=\" wp-block-list eplus-wrapper eplus-styles-uid-ba8c96\"><li class=\" eplus-wrapper eplus-styles-uid-0fa5d9\">150.00 mm.<\/li><\/ul><\/li>\n\n<li class=\" eplus-wrapper eplus-styles-uid-5b2804\"><mark style=\"background-color:rgba(0, 0, 0, 0)\" class=\"has-inline-color has-foreground-color\">Capacidad M\u00e1xima De Perforado:<\/mark><ul class=\" wp-block-list eplus-wrapper eplus-styles-uid-b1d8fc\"><li class=\" eplus-wrapper eplus-styles-uid-0fa5d9\"> \u00d835mm<\/li><\/ul><\/li><\/ul><\/li><\/ul><\/div>\n\n\n\n<div class=\"wp-block-column eplus-wrapper is-layout-flow wp-block-column-is-layout-flow\" style=\"flex-basis:30%\"><ul class=\" wp-block-list eplus-wrapper eplus-styles-uid-3c9185\"><li class=\" eplus-wrapper eplus-styles-uid-43d5dd\"><a href=\"https:\/\/4manpro.com\/SPA\/machueleado-perforado\/serie-ssd\/ssd12h-150\/\" data-type=\"page\" data-id=\"2040\"><mark style=\"background-color:rgba(0, 0, 0, 0);color:#0693e3\" class=\"has-inline-color\">SSD12H-150<\/mark><\/a><ul class=\" wp-block-list eplus-wrapper eplus-styles-uid-6fc342\"><li class=\" eplus-wrapper eplus-styles-uid-5b2804\"><mark style=\"background-color:rgba(0, 0, 0, 0)\" class=\"has-inline-color has-foreground-color\">Velocidad M\u00e1xima:<\/mark><ul class=\" wp-block-list eplus-wrapper eplus-styles-uid-9d75e6\"><li class=\" eplus-wrapper eplus-styles-uid-0fa5d9\"> 6,000 r.p.m.<\/li><\/ul><\/li>\n\n<li class=\" eplus-wrapper eplus-styles-uid-5b2804\"><mark style=\"background-color:rgba(0, 0, 0, 0)\" class=\"has-inline-color has-foreground-color\">Carrera M\u00e1xima Del Husillo: <\/mark><ul class=\" wp-block-list eplus-wrapper eplus-styles-uid-5d9c04\"><li class=\" eplus-wrapper eplus-styles-uid-0fa5d9\">150.00 mm.<\/li><\/ul><\/li>\n\n<li class=\" eplus-wrapper eplus-styles-uid-5b2804\"><mark style=\"background-color:rgba(0, 0, 0, 0)\" class=\"has-inline-color has-foreground-color\">Capacidad M\u00e1xima De Perforado:<\/mark><ul class=\" wp-block-list eplus-wrapper eplus-styles-uid-cd4b89\"><li class=\" eplus-wrapper eplus-styles-uid-0fa5d9\"> \u00d835mm<\/li><\/ul><\/li><\/ul><\/li><\/ul>\n\n<ul class=\" wp-block-list eplus-wrapper eplus-styles-uid-6d09e0\"><li class=\" eplus-wrapper eplus-styles-uid-43d5dd\"><a href=\"https:\/\/4manpro.com\/SPA\/machueleado-perforado\/serie-ssd\/ssd15-150\/\" data-type=\"page\" data-id=\"2048\"><mark style=\"background-color:rgba(0, 0, 0, 0);color:#0693e3\" class=\"has-inline-color\">SSD15-150<\/mark><\/a><ul class=\" wp-block-list eplus-wrapper eplus-styles-uid-0a11f8\"><li class=\" eplus-wrapper eplus-styles-uid-5b2804\"><mark style=\"background-color:rgba(0, 0, 0, 0)\" class=\"has-inline-color has-foreground-color\">Velocidad M\u00e1xima: <\/mark><ul class=\" wp-block-list eplus-wrapper eplus-styles-uid-36525d\"><li class=\" eplus-wrapper eplus-styles-uid-0fa5d9\">1,600 r.p.m.<\/li><\/ul><\/li>\n\n<li class=\" eplus-wrapper eplus-styles-uid-5b2804\"><mark style=\"background-color:rgba(0, 0, 0, 0)\" class=\"has-inline-color has-foreground-color\">Carrera M\u00e1xima Del Husillo: <\/mark><ul class=\" wp-block-list eplus-wrapper eplus-styles-uid-9b3c70\"><li class=\" eplus-wrapper eplus-styles-uid-0fa5d9\">150.00 mm.<\/li><\/ul><\/li>\n\n<li class=\" eplus-wrapper eplus-styles-uid-5b2804\"><mark style=\"background-color:rgba(0, 0, 0, 0)\" class=\"has-inline-color has-foreground-color\">Capacidad M\u00e1xima De Perforado:<\/mark><ul class=\" wp-block-list eplus-wrapper eplus-styles-uid-3425b9\"><li class=\" eplus-wrapper eplus-styles-uid-0fa5d9\">\u00d850mm<\/li><\/ul><\/li><\/ul><\/li><\/ul>\n\n<ul class=\" wp-block-list eplus-wrapper eplus-styles-uid-5955c5\"><li class=\" eplus-wrapper eplus-styles-uid-43d5dd\"><a href=\"https:\/\/4manpro.com\/SPA\/machueleado-perforado\/serie-ssd\/ssd15h-150\/\" data-type=\"page\" data-id=\"2058\"><mark style=\"background-color:rgba(0, 0, 0, 0);color:#0693e3\" class=\"has-inline-color\">SSD15H-150<\/mark><\/a><ul class=\" wp-block-list eplus-wrapper eplus-styles-uid-fa68b5\"><li class=\" eplus-wrapper eplus-styles-uid-5b2804\"><mark style=\"background-color:rgba(0, 0, 0, 0)\" class=\"has-inline-color has-foreground-color\">Velocidad M\u00e1xima: <\/mark><ul class=\" wp-block-list eplus-wrapper eplus-styles-uid-da5b3a\"><li class=\" eplus-wrapper eplus-styles-uid-0fa5d9\">4,000 r.p.m.<\/li><\/ul><\/li>\n\n<li class=\" eplus-wrapper eplus-styles-uid-5b2804\"><mark style=\"background-color:rgba(0, 0, 0, 0)\" class=\"has-inline-color has-foreground-color\">Carrera M\u00e1xima Del Husillo: <\/mark><ul class=\" wp-block-list eplus-wrapper eplus-styles-uid-67610a\"><li class=\" eplus-wrapper eplus-styles-uid-0fa5d9\">150.00 mm.<\/li><\/ul><\/li>\n\n<li class=\" eplus-wrapper eplus-styles-uid-5b2804\"><mark style=\"background-color:rgba(0, 0, 0, 0)\" class=\"has-inline-color has-foreground-color\">Capacidad M\u00e1xima De Perforado:<\/mark><ul class=\" wp-block-list eplus-wrapper eplus-styles-uid-020025\"><li class=\" eplus-wrapper eplus-styles-uid-0fa5d9\">\u00d850mm<\/li><\/ul><\/li><\/ul><\/li><\/ul><\/div>\n<\/div>","protected":false},"excerpt":{"rendered":"<p>Los Servo Husillos y Cabezales de la Serie SSD de Hann Kuen Machinery &amp; Hardware, distribuidos estrat\u00e9gicamente por 4ManPro\u00ae (Elements For Manufacturing Processes) una Hann Kuen Machinery &amp; Hardware Co., Ltd. BRANCH OFFICE,, constituyen una soluci\u00f3n de vanguardia en la cinem\u00e1tica de precisi\u00f3n para la automatizaci\u00f3n industrial. Dise\u00f1ados para integraci\u00f3n en celdas CNC de alto [&hellip;]<\/p>\n","protected":false},"author":1,"featured_media":0,"parent":110,"menu_order":0,"comment_status":"closed","ping_status":"closed","template":"principal-cuadros-individuales-2","meta":{"_crdt_document":"","editor_plus_copied_stylings":"{}","footnotes":""},"class_list":["post-2143","page","type-page","status-publish","hentry"],"_links":{"self":[{"href":"https:\/\/4manpro.com\/SPA\/wp-json\/wp\/v2\/pages\/2143","targetHints":{"allow":["GET"]}}],"collection":[{"href":"https:\/\/4manpro.com\/SPA\/wp-json\/wp\/v2\/pages"}],"about":[{"href":"https:\/\/4manpro.com\/SPA\/wp-json\/wp\/v2\/types\/page"}],"author":[{"embeddable":true,"href":"https:\/\/4manpro.com\/SPA\/wp-json\/wp\/v2\/users\/1"}],"replies":[{"embeddable":true,"href":"https:\/\/4manpro.com\/SPA\/wp-json\/wp\/v2\/comments?post=2143"}],"version-history":[{"count":137,"href":"https:\/\/4manpro.com\/SPA\/wp-json\/wp\/v2\/pages\/2143\/revisions"}],"predecessor-version":[{"id":35825,"href":"https:\/\/4manpro.com\/SPA\/wp-json\/wp\/v2\/pages\/2143\/revisions\/35825"}],"up":[{"embeddable":true,"href":"https:\/\/4manpro.com\/SPA\/wp-json\/wp\/v2\/pages\/110"}],"wp:attachment":[{"href":"https:\/\/4manpro.com\/SPA\/wp-json\/wp\/v2\/media?parent=2143"}],"curies":[{"name":"wp","href":"https:\/\/api.w.org\/{rel}","templated":true}]}}